Last updated on 2025-10-31 05:49:00 CET.
| Flavor | Version | Tinstall | Tcheck | Ttotal | Status | Flags | 
|---|---|---|---|---|---|---|
| r-devel-linux-x86_64-debian-clang | 0.1.2 | 4.70 | 64.63 | 69.33 | NOTE | |
| r-devel-linux-x86_64-debian-gcc | 0.1.2 | 4.75 | 46.51 | 51.26 | NOTE | |
| r-devel-linux-x86_64-fedora-clang | 0.1.2 | 12.00 | 101.66 | 113.66 | OK | |
| r-devel-linux-x86_64-fedora-gcc | 0.1.2 | 12.00 | 94.41 | 106.41 | OK | |
| r-devel-windows-x86_64 | 0.1.2 | 7.00 | 74.00 | 81.00 | OK | |
| r-patched-linux-x86_64 | 0.1.2 | 5.37 | 60.52 | 65.89 | OK | |
| r-release-linux-x86_64 | 0.1.2 | 5.31 | 61.86 | 67.17 | OK | |
| r-release-macos-arm64 | 0.1.2 | 2.00 | 28.00 | 30.00 | OK | |
| r-release-macos-x86_64 | 0.1.2 | 5.00 | 48.00 | 53.00 | OK | |
| r-release-windows-x86_64 | 0.1.2 | 7.00 | 77.00 | 84.00 | OK | |
| r-oldrel-macos-arm64 | 0.1.2 | 2.00 | 25.00 | 27.00 | NOTE | |
| r-oldrel-macos-x86_64 | 0.1.2 | 3.00 | 38.00 | 41.00 | NOTE | |
| r-oldrel-windows-x86_64 | 0.1.2 | 10.00 | 95.00 | 105.00 | NOTE | 
Version: 0.1.2
Check: CRAN incoming feasibility
Result: NOTE
  Maintainer: ‘Hitoshi Iuchi <hiuchi@sfc.keio.ac.jp>’
  
  No Authors@R field in DESCRIPTION.
  Please add one, modifying
    Authors@R: c(person(given = "Hitoshi",
                        family = "Iuchi",
                        role = c("aut", "cre"),
                        email = "hiuchi@sfc.keio.ac.jp"),
                 person(given = c("Rikuhiro", "G."),
                        family = "Yamada",
                        role = "aut"))
  as necessary.
Flavors: r-devel-linux-x86_64-debian-clang, r-devel-linux-x86_64-debian-gcc
Version: 0.1.2
Check: LazyData
Result: NOTE
    'LazyData' is specified without a 'data' directory
Flavors: r-oldrel-macos-arm64, r-oldrel-macos-x86_64, r-oldrel-windows-x86_64