CRAN Package Check Results for Package whep

Last updated on 2025-11-04 13:50:29 CET.

Flavor Version Tinstall Tcheck Ttotal Status Flags
r-devel-linux-x86_64-debian-clang 0.2.0 3.57 73.02 76.59 OK
r-devel-linux-x86_64-debian-gcc 0.2.0 3.23 51.87 55.10 OK
r-devel-linux-x86_64-fedora-clang 0.2.0 116.96 OK
r-devel-linux-x86_64-fedora-gcc 0.2.0 11.00 114.30 125.30 OK
r-devel-windows-x86_64 0.2.0 9.00 87.00 96.00 OK
r-patched-linux-x86_64 0.2.0 4.49 68.10 72.59 OK
r-release-linux-x86_64 0.2.0 4.08 67.83 71.91 OK
r-release-macos-arm64 0.2.0 2.00 41.00 43.00 OK
r-release-macos-x86_64 0.2.0 6.00 94.00 100.00 OK
r-release-windows-x86_64 0.2.0 7.00 88.00 95.00 OK
r-oldrel-macos-arm64 0.2.0 2.00 71.00 73.00 NOTE
r-oldrel-macos-x86_64 0.2.0 6.00 88.00 94.00 NOTE
r-oldrel-windows-x86_64 0.2.0 10.00 111.00 121.00 NOTE

Check Details

Version: 0.2.0
Check: installed package size
Result: NOTE installed size is 6.1Mb sub-directories of 1Mb or more: extdata 5.6Mb Flavors: r-oldrel-macos-arm64, r-oldrel-macos-x86_64, r-oldrel-windows-x86_64