Last updated on 2025-04-29 18:50:59 CEST.
Flavor | Version | Tinstall | Tcheck | Ttotal | Status | Flags |
---|---|---|---|---|---|---|
r-devel-linux-x86_64-debian-clang | 1.0.8 | 5.26 | 62.71 | 67.97 | NOTE | |
r-devel-linux-x86_64-debian-gcc | 1.0.8 | 3.78 | 47.98 | 51.76 | NOTE | |
r-devel-linux-x86_64-fedora-clang | 1.0.8 | 103.40 | OK | |||
r-devel-linux-x86_64-fedora-gcc | 1.0.8 | 119.48 | OK | |||
r-devel-windows-x86_64 | 1.0.8 | 7.00 | 94.00 | 101.00 | NOTE | |
r-patched-linux-x86_64 | 1.0.8 | 5.58 | 59.59 | 65.17 | NOTE | |
r-release-linux-x86_64 | 1.0.8 | 6.07 | 60.05 | 66.12 | NOTE | |
r-release-macos-arm64 | 1.0.8 | 43.00 | OK | |||
r-release-macos-x86_64 | 1.0.8 | 74.00 | OK | |||
r-release-windows-x86_64 | 1.0.8 | 10.00 | 97.00 | 107.00 | NOTE | |
r-oldrel-macos-arm64 | 1.0.8 | 40.00 | OK | |||
r-oldrel-macos-x86_64 | 1.0.8 | 62.00 | OK | |||
r-oldrel-windows-x86_64 | 1.0.8 | 9.00 | 104.00 | 113.00 | OK |
Version: 1.0.8
Check: CRAN incoming feasibility
Result: NOTE
Maintainer: ‘Karen R. Ryberg <kryberg@usgs.gov>’
No Authors@R field in DESCRIPTION.
Please add one, modifying
Authors@R: c(person(given = c("Karen", "R."),
family = "Ryberg",
role = c("aut", "cre"),
email = "kryberg@usgs.gov"),
person(given = c("Aldo", "V."),
family = "Vecchia",
role = "aut"))
as necessary.
Flavors: r-devel-linux-x86_64-debian-clang, r-devel-linux-x86_64-debian-gcc
Version: 1.0.8
Check: Rd cross-references
Result: NOTE
Found the following Rd file(s) with Rd \link{} targets missing package
anchors:
plotParam.Rd: xyplot
Please provide package anchors for all Rd \link{} targets not in the
package itself and the base packages.
Flavors: r-devel-linux-x86_64-debian-clang, r-devel-linux-x86_64-debian-gcc, r-devel-windows-x86_64, r-patched-linux-x86_64, r-release-linux-x86_64, r-release-windows-x86_64