Last updated on 2025-04-29 18:50:59 CEST.
Flavor | Version | Tinstall | Tcheck | Ttotal | Status | Flags |
---|---|---|---|---|---|---|
r-devel-linux-x86_64-debian-clang | 1.2 | 3.26 | 36.42 | 39.68 | NOTE | |
r-devel-linux-x86_64-debian-gcc | 1.2 | 1.98 | 24.44 | 26.42 | NOTE | |
r-devel-linux-x86_64-fedora-clang | 1.2 | 60.89 | OK | |||
r-devel-linux-x86_64-fedora-gcc | 1.2 | 58.16 | OK | |||
r-devel-windows-x86_64 | 1.2 | 4.00 | 54.00 | 58.00 | OK | |
r-patched-linux-x86_64 | 1.2 | 3.50 | 33.94 | 37.44 | OK | |
r-release-linux-x86_64 | 1.2 | 2.97 | 34.09 | 37.06 | OK | |
r-release-macos-arm64 | 1.2 | 20.00 | OK | |||
r-release-macos-x86_64 | 1.2 | 45.00 | OK | |||
r-release-windows-x86_64 | 1.2 | 3.00 | 58.00 | 61.00 | OK | |
r-oldrel-macos-arm64 | 1.2 | 19.00 | OK | |||
r-oldrel-macos-x86_64 | 1.2 | 37.00 | OK | |||
r-oldrel-windows-x86_64 | 1.2 | 4.00 | 54.00 | 58.00 | OK |
Version: 1.2
Check: CRAN incoming feasibility
Result: NOTE
Maintainer: ‘Jae H. Kim <jaekim8080@gmail.com>’
No Authors@R field in DESCRIPTION.
Please add one, modifying
Authors@R: person(given = c("Jae", "H."),
family = "Kim",
role = c("aut", "cre"),
email = "jaekim8080@gmail.com")
as necessary.
Flavors: r-devel-linux-x86_64-debian-clang, r-devel-linux-x86_64-debian-gcc
Version: 1.2
Check: examples
Result: NOTE
Examples with CPU (user + system) or elapsed time > 5s
user system elapsed
Subsample.test 5.528 0.028 6.917
Flavor: r-devel-linux-x86_64-debian-clang