Last updated on 2025-11-04 05:51:29 CET.
| Flavor | Version | Tinstall | Tcheck | Ttotal | Status | Flags | 
|---|---|---|---|---|---|---|
| r-devel-linux-x86_64-debian-clang | 1.0.0 | 2.99 | 28.55 | 31.54 | NOTE | |
| r-devel-linux-x86_64-debian-gcc | 1.0.0 | 2.24 | 23.11 | 25.35 | NOTE | |
| r-devel-linux-x86_64-fedora-clang | 1.0.0 | 46.33 | NOTE | |||
| r-devel-linux-x86_64-fedora-gcc | 1.0.0 | 44.43 | NOTE | |||
| r-devel-windows-x86_64 | 1.0.0 | 4.00 | 44.00 | 48.00 | NOTE | |
| r-patched-linux-x86_64 | 1.0.0 | 2.73 | 27.09 | 29.82 | NOTE | |
| r-release-linux-x86_64 | 1.0.0 | 2.39 | 27.45 | 29.84 | NOTE | |
| r-release-macos-arm64 | 1.0.0 | 1.00 | 17.00 | 18.00 | NOTE | |
| r-release-macos-x86_64 | 1.0.0 | 2.00 | 28.00 | 30.00 | NOTE | |
| r-release-windows-x86_64 | 1.0.0 | 4.00 | 44.00 | 48.00 | NOTE | |
| r-oldrel-macos-arm64 | 1.0.0 | 1.00 | 17.00 | 18.00 | NOTE | |
| r-oldrel-macos-x86_64 | 1.0.0 | 2.00 | 23.00 | 25.00 | NOTE | |
| r-oldrel-windows-x86_64 | 1.0.0 | 5.00 | 52.00 | 57.00 | NOTE | 
Version: 1.0.0
Check: CRAN incoming feasibility
Result: NOTE
  Maintainer: ‘Matt Barry <mrb@softisms.com>’
  
  No Authors@R field in DESCRIPTION.
  Please add one, modifying
    Authors@R: person(given = "Matt",
                      family = "Barry",
                      role = c("aut", "cre"),
                      email = "mrb@softisms.com")
  as necessary.
Flavors: r-devel-linux-x86_64-debian-clang, r-devel-linux-x86_64-debian-gcc
Version: 1.0.0
Check: DESCRIPTION meta-information
Result: NOTE
  Malformed Title field: should not end in a period.
Flavors: r-devel-linux-x86_64-debian-clang, r-devel-linux-x86_64-debian-gcc, r-devel-linux-x86_64-fedora-clang, r-devel-linux-x86_64-fedora-gcc, r-devel-windows-x86_64, r-patched-linux-x86_64, r-release-linux-x86_64, r-release-macos-arm64, r-release-macos-x86_64, r-release-windows-x86_64, r-oldrel-macos-arm64, r-oldrel-macos-x86_64, r-oldrel-windows-x86_64