Last updated on 2025-11-04 05:51:29 CET.
| Flavor | Version | Tinstall | Tcheck | Ttotal | Status | Flags | 
|---|---|---|---|---|---|---|
| r-devel-linux-x86_64-debian-clang | 2.1-7 | 34.60 | 237.55 | 272.15 | NOTE | |
| r-devel-linux-x86_64-debian-gcc | 2.1-7 | 19.26 | 149.24 | 168.50 | NOTE | |
| r-devel-linux-x86_64-fedora-clang | 2.1-7 | 74.00 | 360.72 | 434.72 | OK | |
| r-devel-linux-x86_64-fedora-gcc | 2.1-7 | 66.00 | 343.83 | 409.83 | OK | |
| r-devel-windows-x86_64 | 2.1-7 | 31.00 | 180.00 | 211.00 | OK | |
| r-patched-linux-x86_64 | 2.1-7 | 30.51 | 227.22 | 257.73 | OK | |
| r-release-linux-x86_64 | 2.1-7 | 32.87 | 228.52 | 261.39 | OK | |
| r-release-macos-arm64 | 2.1-7 | 13.00 | 79.00 | 92.00 | OK | |
| r-release-macos-x86_64 | 2.1-7 | 28.00 | 200.00 | 228.00 | OK | |
| r-release-windows-x86_64 | 2.1-7 | 31.00 | 182.00 | 213.00 | OK | |
| r-oldrel-macos-arm64 | 2.1-7 | 12.00 | 74.00 | 86.00 | OK | |
| r-oldrel-macos-x86_64 | 2.1-7 | 33.00 | 143.00 | 176.00 | OK | |
| r-oldrel-windows-x86_64 | 2.1-7 | 45.00 | 258.00 | 303.00 | OK | 
Version: 2.1-7
Check: CRAN incoming feasibility
Result: NOTE
  Maintainer: ‘Babak Naimi <naimi.b@gmail.com>’
  
  No Authors@R field in DESCRIPTION.
  Please add one, modifying
    Authors@R: person(given = "Babak",
                      family = "Naimi",
                      role = c("aut", "cre"),
                      email = "naimi.b@gmail.com")
  as necessary.
Flavors: r-devel-linux-x86_64-debian-clang, r-devel-linux-x86_64-debian-gcc