Last updated on 2025-04-30 18:51:47 CEST.
Flavor | Version | Tinstall | Tcheck | Ttotal | Status | Flags |
---|---|---|---|---|---|---|
r-devel-linux-x86_64-debian-clang | 1.1.0 | 2.59 | 21.41 | 24.00 | NOTE | |
r-devel-linux-x86_64-debian-gcc | 1.1.0 | 1.56 | 16.99 | 18.55 | NOTE | |
r-devel-linux-x86_64-fedora-clang | 1.1.0 | 37.59 | OK | |||
r-devel-linux-x86_64-fedora-gcc | 1.1.0 | 35.43 | OK | |||
r-devel-windows-x86_64 | 1.1.0 | 4.00 | 44.00 | 48.00 | OK | |
r-patched-linux-x86_64 | 1.1.0 | 2.44 | 20.20 | 22.64 | OK | |
r-release-linux-x86_64 | 1.1.0 | 2.42 | 20.62 | 23.04 | OK | |
r-release-macos-arm64 | 1.1.0 | 19.00 | OK | |||
r-release-macos-x86_64 | 1.1.0 | 62.00 | OK | |||
r-release-windows-x86_64 | 1.1.0 | 4.00 | 45.00 | 49.00 | OK | |
r-oldrel-macos-arm64 | 1.1.0 | 16.00 | OK | |||
r-oldrel-macos-x86_64 | 1.1.0 | 22.00 | OK | |||
r-oldrel-windows-x86_64 | 1.1.0 | 5.00 | 45.00 | 50.00 | OK |
Version: 1.1.0
Check: CRAN incoming feasibility
Result: NOTE
Maintainer: ‘David Navarro-Gonzalez <david.navarro@urv.cat>’
No Authors@R field in DESCRIPTION.
Please add one, modifying
Authors@R: c(person(given = c("Pere", "Joan"),
family = "Ferrando",
role = "aut"),
person(given = "David",
family = "Navarro-Gonzalez",
role = c("aut", "cre"),
email = "david.navarro@urv.cat"),
person(given = "Urbano",
family = "Lorenzo-Seva",
role = "aut"))
as necessary.
Flavors: r-devel-linux-x86_64-debian-clang, r-devel-linux-x86_64-debian-gcc