Last updated on 2025-04-29 06:49:58 CEST.
Flavor | Version | Tinstall | Tcheck | Ttotal | Status | Flags |
---|---|---|---|---|---|---|
r-devel-linux-x86_64-debian-clang | 0.1.0 | 1.98 | 24.39 | 26.37 | OK | |
r-devel-linux-x86_64-debian-gcc | 0.1.0 | 1.57 | 20.25 | 21.82 | NOTE | |
r-devel-linux-x86_64-fedora-clang | 0.1.0 | 44.29 | OK | |||
r-devel-linux-x86_64-fedora-gcc | 0.1.0 | 55.25 | OK | |||
r-devel-windows-x86_64 | 0.1.0 | 3.00 | 60.00 | 63.00 | OK | |
r-patched-linux-x86_64 | 0.1.0 | 1.99 | 24.17 | 26.16 | OK | |
r-release-linux-x86_64 | 0.1.0 | 1.81 | 24.29 | 26.10 | OK | |
r-release-macos-arm64 | 0.1.0 | 27.00 | OK | |||
r-release-macos-x86_64 | 0.1.0 | 45.00 | OK | |||
r-release-windows-x86_64 | 0.1.0 | 3.00 | 60.00 | 63.00 | OK | |
r-oldrel-macos-arm64 | 0.1.0 | 24.00 | OK | |||
r-oldrel-macos-x86_64 | 0.1.0 | 35.00 | OK | |||
r-oldrel-windows-x86_64 | 0.1.0 | 3.00 | 60.00 | 63.00 | OK |
Version: 0.1.0
Check: CRAN incoming feasibility
Result: NOTE
Maintainer: ‘Jorge Vieira <jorgealexandrevieira@gmail.com>’
No Authors@R field in DESCRIPTION.
Please add one, modifying
Authors@R: person(given = "Jorge",
family = "Vieira",
role = c("aut", "cre"),
email = "jorgealexandrevieira@gmail.com")
as necessary.
Flavor: r-devel-linux-x86_64-debian-gcc