Last updated on 2025-04-29 18:50:58 CEST.
Flavor | Version | Tinstall | Tcheck | Ttotal | Status | Flags |
---|---|---|---|---|---|---|
r-devel-linux-x86_64-debian-clang | 0.1.8 | 6.34 | 64.45 | 70.79 | NOTE | |
r-devel-linux-x86_64-debian-gcc | 0.1.8 | 4.82 | 45.35 | 50.17 | NOTE | |
r-devel-linux-x86_64-fedora-clang | 0.1.8 | 100.82 | OK | |||
r-devel-linux-x86_64-fedora-gcc | 0.1.8 | 96.93 | OK | |||
r-devel-windows-x86_64 | 0.1.8 | 8.00 | 75.00 | 83.00 | OK | |
r-patched-linux-x86_64 | 0.1.8 | 6.95 | 61.56 | 68.51 | OK | |
r-release-linux-x86_64 | 0.1.8 | 4.78 | 60.56 | 65.34 | OK | |
r-release-macos-arm64 | 0.1.8 | 31.00 | OK | |||
r-release-macos-x86_64 | 0.1.8 | 61.00 | OK | |||
r-release-windows-x86_64 | 0.1.8 | 11.00 | 74.00 | 85.00 | OK | |
r-oldrel-macos-arm64 | 0.1.8 | 30.00 | OK | |||
r-oldrel-macos-x86_64 | 0.1.8 | 46.00 | OK | |||
r-oldrel-windows-x86_64 | 0.1.8 | 11.00 | 89.00 | 100.00 | OK |
Version: 0.1.8
Check: CRAN incoming feasibility
Result: NOTE
Maintainer: ‘Avi Blinder <aviblinder@gmail.com>’
No Authors@R field in DESCRIPTION.
Please add one, modifying
Authors@R: person(given = "Avi",
family = "Blinder",
role = c("aut", "cre"),
email = "aviblinder@gmail.com")
as necessary.
Flavors: r-devel-linux-x86_64-debian-clang, r-devel-linux-x86_64-debian-gcc
Version: 0.1.8
Check: examples
Result: NOTE
Examples with CPU (user + system) or elapsed time > 5s
user system elapsed
run_models 5.919 0.068 9.045
Flavor: r-devel-linux-x86_64-debian-clang