CRAN Package Check Results for Package tree3d

Last updated on 2025-11-02 06:50:24 CET.

Flavor Version Tinstall Tcheck Ttotal Status Flags
r-devel-linux-x86_64-debian-clang 0.1.2 3.35 22.09 25.44 NOTE
r-devel-linux-x86_64-debian-gcc 0.1.2 2.66 17.87 20.53 NOTE
r-devel-linux-x86_64-fedora-clang 0.1.2 38.48 NOTE
r-devel-linux-x86_64-fedora-gcc 0.1.2 37.18 NOTE
r-devel-windows-x86_64 0.1.2 8.00 43.00 51.00 NOTE
r-patched-linux-x86_64 0.1.2 3.48 21.00 24.48 NOTE
r-release-linux-x86_64 0.1.2 3.17 20.77 23.94 NOTE
r-release-macos-arm64 0.1.2 2.00 17.00 19.00 NOTE
r-release-macos-x86_64 0.1.2 3.00 29.00 32.00 NOTE
r-release-windows-x86_64 0.1.2 7.00 42.00 49.00 NOTE
r-oldrel-macos-arm64 0.1.2 2.00 17.00 19.00 OK
r-oldrel-macos-x86_64 0.1.2 2.00 21.00 23.00 OK
r-oldrel-windows-x86_64 0.1.2 8.00 49.00 57.00 OK

Check Details

Version: 0.1.2
Check: DESCRIPTION meta-information
Result: NOTE Missing dependency on R >= 4.1.0 because package code uses the pipe |> or function shorthand \(...) syntax added in R 4.1.0. File(s) using such syntax: ‘tree_mesh.R’ ‘tree_mesh.Rd’ ‘zzz.R’ Flavors: r-devel-linux-x86_64-debian-clang, r-devel-linux-x86_64-debian-gcc, r-devel-linux-x86_64-fedora-clang, r-devel-linux-x86_64-fedora-gcc, r-devel-windows-x86_64, r-patched-linux-x86_64, r-release-linux-x86_64, r-release-macos-arm64, r-release-macos-x86_64, r-release-windows-x86_64