Last updated on 2025-04-29 18:50:58 CEST.
Flavor | Version | Tinstall | Tcheck | Ttotal | Status | Flags |
---|---|---|---|---|---|---|
r-devel-linux-x86_64-debian-clang | 0.1.3 | 11.81 | 100.92 | 112.73 | NOTE | |
r-devel-linux-x86_64-debian-gcc | 0.1.3 | 8.07 | 69.43 | 77.50 | OK | |
r-devel-linux-x86_64-fedora-clang | 0.1.3 | 167.10 | OK | |||
r-devel-linux-x86_64-fedora-gcc | 0.1.3 | 154.48 | OK | |||
r-devel-windows-x86_64 | 0.1.3 | 13.00 | 103.00 | 116.00 | OK | |
r-patched-linux-x86_64 | 0.1.3 | 10.04 | 92.68 | 102.72 | OK | |
r-release-linux-x86_64 | 0.1.3 | 10.81 | 91.57 | 102.38 | OK | |
r-release-macos-arm64 | 0.1.3 | 47.00 | OK | |||
r-release-macos-x86_64 | 0.1.3 | 88.00 | OK | |||
r-release-windows-x86_64 | 0.1.3 | 13.00 | 105.00 | 118.00 | OK | |
r-oldrel-macos-arm64 | 0.1.3 | 46.00 | OK | |||
r-oldrel-macos-x86_64 | 0.1.3 | 80.00 | OK | |||
r-oldrel-windows-x86_64 | 0.1.3 | 15.00 | 129.00 | 144.00 | OK |
Version: 0.1.3
Check: examples
Result: NOTE
Examples with CPU (user + system) or elapsed time > 5s
user system elapsed
build_traj 4.465 0.087 6.269
Flavor: r-devel-linux-x86_64-debian-clang