Last updated on 2025-05-02 18:50:21 CEST.
Flavor | Version | Tinstall | Tcheck | Ttotal | Status | Flags |
---|---|---|---|---|---|---|
r-devel-linux-x86_64-debian-clang | 0.1.1 | 2.17 | 24.56 | 26.73 | NOTE | |
r-devel-linux-x86_64-debian-gcc | 0.1.1 | 1.66 | 19.60 | 21.26 | NOTE | |
r-devel-linux-x86_64-fedora-clang | 0.1.1 | 45.29 | OK | |||
r-devel-linux-x86_64-fedora-gcc | 0.1.1 | 40.45 | OK | |||
r-devel-windows-x86_64 | 0.1.1 | 3.00 | 51.00 | 54.00 | OK | |
r-patched-linux-x86_64 | 0.1.1 | 2.26 | 23.41 | 25.67 | OK | |
r-release-linux-x86_64 | OK | |||||
r-release-macos-arm64 | 0.1.1 | 18.00 | OK | |||
r-release-macos-x86_64 | 0.1.1 | 30.00 | OK | |||
r-release-windows-x86_64 | 0.1.1 | 3.00 | 51.00 | 54.00 | OK | |
r-oldrel-macos-arm64 | 0.1.1 | 19.00 | OK | |||
r-oldrel-macos-x86_64 | 0.1.1 | 26.00 | OK | |||
r-oldrel-windows-x86_64 | 0.1.1 | 4.00 | 53.00 | 57.00 | OK |
Version: 0.1.1
Check: CRAN incoming feasibility
Result: NOTE
Maintainer: ‘Filipe Campelo <fcampelo@uc.pt>’
No Authors@R field in DESCRIPTION.
Please add one, modifying
Authors@R: person(given = "Filipe",
family = "Campelo",
role = c("aut", "cre"),
email = "fcampelo@uc.pt")
as necessary.
Flavors: r-devel-linux-x86_64-debian-clang, r-devel-linux-x86_64-debian-gcc