Last updated on 2025-04-29 06:49:58 CEST.
Flavor | Version | Tinstall | Tcheck | Ttotal | Status | Flags |
---|---|---|---|---|---|---|
r-devel-linux-x86_64-debian-clang | 1.0 | 1.61 | 15.31 | 16.92 | OK | |
r-devel-linux-x86_64-debian-gcc | 1.0 | 1.27 | 13.07 | 14.34 | NOTE | |
r-devel-linux-x86_64-fedora-clang | 1.0 | 26.73 | OK | |||
r-devel-linux-x86_64-fedora-gcc | 1.0 | 26.15 | OK | |||
r-devel-windows-x86_64 | 1.0 | 2.00 | 33.00 | 35.00 | OK | |
r-patched-linux-x86_64 | 1.0 | 1.63 | 14.97 | 16.60 | OK | |
r-release-linux-x86_64 | 1.0 | 1.26 | 15.05 | 16.31 | OK | |
r-release-macos-arm64 | 1.0 | 14.00 | OK | |||
r-release-macos-x86_64 | 1.0 | 20.00 | OK | |||
r-release-windows-x86_64 | 1.0 | 4.00 | 36.00 | 40.00 | OK | |
r-oldrel-macos-arm64 | 1.0 | 15.00 | OK | |||
r-oldrel-macos-x86_64 | 1.0 | 18.00 | OK | |||
r-oldrel-windows-x86_64 | 1.0 | 2.00 | 33.00 | 35.00 | OK |
Version: 1.0
Check: CRAN incoming feasibility
Result: NOTE
Maintainer: ‘Mahmoud Mosalman Yazdi <m.mosalman@gmail.com>’
No Authors@R field in DESCRIPTION.
Please add one, modifying
Authors@R: person(given = c("Mahmoud", "Mosalman"),
family = "Yazdi",
role = c("aut", "cre"),
email = "m.mosalman@gmail.com")
as necessary.
Flavor: r-devel-linux-x86_64-debian-gcc