Last updated on 2025-04-29 18:50:57 CEST.
Flavor | Version | Tinstall | Tcheck | Ttotal | Status | Flags |
---|---|---|---|---|---|---|
r-devel-linux-x86_64-debian-clang | 0.1-12 | 5.28 | 18.40 | 23.68 | NOTE | |
r-devel-linux-x86_64-debian-gcc | 0.1-12 | 4.34 | 15.28 | 19.62 | NOTE | |
r-devel-linux-x86_64-fedora-clang | 0.1-12 | 38.62 | OK | |||
r-devel-linux-x86_64-fedora-gcc | 0.1-12 | 36.45 | OK | |||
r-devel-windows-x86_64 | 0.1-12 | 8.00 | 55.00 | 63.00 | OK | |
r-patched-linux-x86_64 | 0.1-12 | 4.76 | 17.71 | 22.47 | OK | |
r-release-linux-x86_64 | 0.1-12 | 5.13 | 17.60 | 22.73 | OK | |
r-release-macos-arm64 | 0.1-12 | 23.00 | OK | |||
r-release-macos-x86_64 | 0.1-12 | 34.00 | OK | |||
r-release-windows-x86_64 | 0.1-12 | 9.00 | 57.00 | 66.00 | OK | |
r-oldrel-macos-arm64 | 0.1-12 | 26.00 | NOTE | |||
r-oldrel-macos-x86_64 | 0.1-12 | 26.00 | NOTE | |||
r-oldrel-windows-x86_64 | 0.1-12 | 9.00 | 55.00 | 64.00 | OK |
Version: 0.1-12
Check: CRAN incoming feasibility
Result: NOTE
Maintainer: ‘Simon Urbanek <Simon.Urbanek@r-project.org>’
No Authors@R field in DESCRIPTION.
Please add one, modifying
Authors@R: c(person(given = "Simon",
family = "Urbanek",
role = c("aut", "cre"),
email = "Simon.Urbanek@r-project.org"),
person(given = "Kent",
family = "Johnson",
role = "ctb",
email = "kjohnson@akoyabio.com"))
as necessary.
Flavors: r-devel-linux-x86_64-debian-clang, r-devel-linux-x86_64-debian-gcc
Version: 0.1-12
Check: installed package size
Result: NOTE
installed size is 5.4Mb
sub-directories of 1Mb or more:
libs 5.3Mb
Flavors: r-oldrel-macos-arm64, r-oldrel-macos-x86_64