Last updated on 2025-04-29 18:50:57 CEST.
Flavor | Version | Tinstall | Tcheck | Ttotal | Status | Flags |
---|---|---|---|---|---|---|
r-devel-linux-x86_64-debian-clang | 0.2.8 | 46.59 | 606.44 | 653.03 | NOTE | |
r-devel-linux-x86_64-debian-gcc | 0.2.8 | 34.43 | 379.39 | 413.82 | NOTE | |
r-devel-linux-x86_64-fedora-clang | 0.2.8 | 899.97 | OK | |||
r-devel-linux-x86_64-fedora-gcc | 0.2.8 | 869.85 | OK | |||
r-devel-windows-x86_64 | 0.2.8 | 42.00 | 476.00 | 518.00 | OK | |
r-patched-linux-x86_64 | 0.2.8 | 48.23 | 523.41 | 571.64 | OK | |
r-release-linux-x86_64 | 0.2.8 | 47.07 | 524.08 | 571.15 | OK | |
r-release-macos-arm64 | 0.2.8 | 253.00 | OK | |||
r-release-macos-x86_64 | 0.2.8 | 276.00 | OK | |||
r-release-windows-x86_64 | 0.2.8 | 44.00 | 466.00 | 510.00 | OK | |
r-oldrel-macos-arm64 | 0.2.8 | 227.00 | OK | |||
r-oldrel-macos-x86_64 | 0.2.8 | 280.00 | OK | |||
r-oldrel-windows-x86_64 | 0.2.8 | 57.00 | 642.00 | 699.00 | OK |
Version: 0.2.8
Check: examples
Result: NOTE
Examples with CPU (user + system) or elapsed time > 5s
user system elapsed
pseudo_class 12.853 0.076 12.961
lr_lmr 8.385 0.376 6.781
plot_bivariate 4.734 0.036 5.247
append_class_draws 4.571 0.034 5.062
Flavor: r-devel-linux-x86_64-debian-clang
Version: 0.2.8
Check: examples
Result: NOTE
Examples with CPU (user + system) or elapsed time > 5s
user system elapsed
pseudo_class 6.814 0.22 8.117
Flavor: r-devel-linux-x86_64-debian-gcc