CRAN Package Check Results for Package tidyLPA

Last updated on 2025-11-03 17:50:06 CET.

Flavor Version Tinstall Tcheck Ttotal Status Flags
r-devel-linux-x86_64-debian-clang 1.1.0 11.11 140.60 151.71 NOTE
r-devel-linux-x86_64-debian-gcc 1.1.0 7.95 87.65 95.60 NOTE
r-devel-linux-x86_64-fedora-clang 1.1.0 52.00 159.96 211.96 NOTE
r-devel-linux-x86_64-fedora-gcc 1.1.0 30.00 180.08 210.08 NOTE
r-devel-windows-x86_64 1.1.0 15.00 133.00 148.00 NOTE
r-patched-linux-x86_64 1.1.0 9.27 126.44 135.71 NOTE
r-release-linux-x86_64 1.1.0 9.50 115.58 125.08 NOTE
r-release-macos-arm64 1.1.0 5.00 67.00 72.00 NOTE
r-release-macos-x86_64 1.1.0 8.00 148.00 156.00 NOTE
r-release-windows-x86_64 1.1.0 16.00 133.00 149.00 NOTE
r-oldrel-macos-arm64 1.1.0 4.00 60.00 64.00 NOTE
r-oldrel-macos-x86_64 1.1.0 7.00 89.00 96.00 NOTE
r-oldrel-windows-x86_64 1.1.0 17.00 166.00 183.00 NOTE

Check Details

Version: 1.1.0
Check: CRAN incoming feasibility
Result: NOTE Maintainer: ‘Joshua M Rosenberg <jmrosenberg@utk.edu>’ Package CITATION file contains call(s) to old-style personList() or as.personList(). Please use c() on person objects instead. Package CITATION file contains call(s) to old-style citEntry(). Please use bibentry() instead. Flavors: r-devel-linux-x86_64-debian-clang, r-devel-linux-x86_64-debian-gcc

Version: 1.1.0
Check: package subdirectories
Result: NOTE Problems with news in ‘NEWS.md’: Cannot extract version info from the following section titles: Minor changes: Flavors: r-devel-linux-x86_64-debian-clang, r-devel-linux-x86_64-debian-gcc, r-devel-linux-x86_64-fedora-clang, r-devel-linux-x86_64-fedora-gcc, r-devel-windows-x86_64, r-patched-linux-x86_64, r-release-linux-x86_64, r-release-macos-arm64, r-release-macos-x86_64, r-release-windows-x86_64, r-oldrel-macos-arm64, r-oldrel-macos-x86_64, r-oldrel-windows-x86_64

Version: 1.1.0
Check: Rd files
Result: NOTE checkRd: (-1) single_imputation.Rd:21-22: Lost braces in \itemize; meant \describe ? checkRd: (-1) single_imputation.Rd:23-27: Lost braces in \itemize; meant \describe ? Flavors: r-devel-linux-x86_64-debian-clang, r-devel-linux-x86_64-debian-gcc, r-devel-linux-x86_64-fedora-clang, r-devel-linux-x86_64-fedora-gcc, r-devel-windows-x86_64, r-patched-linux-x86_64, r-release-linux-x86_64, r-release-macos-arm64, r-release-macos-x86_64, r-release-windows-x86_64, r-oldrel-macos-arm64, r-oldrel-macos-x86_64, r-oldrel-windows-x86_64

Version: 1.1.0
Check: dependencies in R code
Result: NOTE Namespace in Imports field not imported from: ‘mix’ All declared Imports should be used. Flavors: r-devel-linux-x86_64-fedora-clang, r-devel-linux-x86_64-fedora-gcc