CRAN Package Check Results for Package theiaR

Last updated on 2025-04-29 18:50:57 CEST.

Flavor Version Tinstall Tcheck Ttotal Status Flags
r-devel-linux-x86_64-debian-clang 0.4.0 4.03 34.90 38.93 OK
r-devel-linux-x86_64-debian-gcc 0.4.0 3.15 27.39 30.54 OK
r-devel-linux-x86_64-fedora-clang 0.4.0 65.77 OK
r-devel-linux-x86_64-fedora-gcc 0.4.0 72.71 OK
r-devel-windows-x86_64 0.4.0 6.00 53.00 59.00 OK
r-patched-linux-x86_64 0.4.0 4.92 32.21 37.13 OK
r-release-linux-x86_64 0.4.0 4.06 32.05 36.11 OK
r-release-macos-arm64 0.4.0 44.00 OK
r-release-macos-x86_64 0.4.0 56.00 OK
r-release-windows-x86_64 0.4.0 7.00 55.00 62.00 OK
r-oldrel-macos-arm64 0.4.0 26.00 NOTE
r-oldrel-macos-x86_64 0.4.0 40.00 NOTE
r-oldrel-windows-x86_64 0.4.0 7.00 58.00 65.00 NOTE

Check Details

Version: 0.4.0
Check: LazyData
Result: NOTE 'LazyData' is specified without a 'data' directory Flavors: r-oldrel-macos-arm64, r-oldrel-macos-x86_64, r-oldrel-windows-x86_64