CRAN Package Check Results for Package tgram

Last updated on 2025-05-02 06:49:48 CEST.

Flavor Version Tinstall Tcheck Ttotal Status Flags
r-devel-linux-x86_64-debian-clang 0.2-3 1.99 21.19 23.18 NOTE
r-devel-linux-x86_64-debian-gcc 0.2-4 1.68 17.33 19.01 OK
r-devel-linux-x86_64-fedora-clang 0.2-4 38.72 OK
r-devel-linux-x86_64-fedora-gcc 0.2-4 34.42 OK
r-devel-windows-x86_64 0.2-4 4.00 44.00 48.00 OK
r-patched-linux-x86_64 0.2-3 2.16 20.29 22.45 OK
r-release-linux-x86_64 OK
r-release-macos-arm64 0.2-4 17.00 OK
r-release-macos-x86_64 0.2-4 26.00 OK
r-release-windows-x86_64 0.2-4 5.00 44.00 49.00 OK
r-oldrel-macos-arm64 0.2-4 21.00 OK
r-oldrel-macos-x86_64 0.2-4 30.00 OK
r-oldrel-windows-x86_64 0.2-3 4.00 46.00 50.00 OK

Check Details

Version: 0.2-3
Check: CRAN incoming feasibility
Result: NOTE Maintainer: ‘Marcelino de la Cruz <marcelino.delacruz@urjc.es>’ No Authors@R field in DESCRIPTION. Please add one, modifying Authors@R: c(person(given = "Marcelino", family = "de la Cruz", role = c("aut", "cre"), email = "marcelino.delacruz@urjc.es"), person(given = "Lucia", family = "DeSoto", role = "aut")) as necessary. Package CITATION file contains call(s) to old-style citEntry(). Please use bibentry() instead. Flavor: r-devel-linux-x86_64-debian-clang