Last updated on 2025-11-04 05:51:28 CET.
| Flavor | Version | Tinstall | Tcheck | Ttotal | Status | Flags | 
|---|---|---|---|---|---|---|
| r-devel-linux-x86_64-debian-clang | 1.1.1 | 135.82 | 42.06 | 177.88 | OK | |
| r-devel-linux-x86_64-debian-gcc | 1.1.1 | 100.31 | 38.17 | 138.48 | OK | |
| r-devel-linux-x86_64-fedora-clang | 1.1.1 | 199.00 | 141.48 | 340.48 | OK | |
| r-devel-linux-x86_64-fedora-gcc | 1.1.1 | 225.00 | 146.48 | 371.48 | OK | |
| r-devel-windows-x86_64 | 1.1.1 | 157.00 | 85.00 | 242.00 | OK | |
| r-patched-linux-x86_64 | 1.1.1 | 143.06 | 52.70 | 195.76 | OK | |
| r-release-linux-x86_64 | 1.1.1 | 143.32 | 49.17 | 192.49 | OK | |
| r-release-macos-arm64 | 1.1.1 | 54.00 | 40.00 | 94.00 | OK | |
| r-release-macos-x86_64 | 1.1.1 | 44.00 | 53.00 | 97.00 | OK | |
| r-release-windows-x86_64 | 1.1.1 | 138.00 | 83.00 | 221.00 | OK | |
| r-oldrel-macos-arm64 | 1.1.1 | 66.00 | 40.00 | 106.00 | NOTE | |
| r-oldrel-macos-x86_64 | 1.1.1 | 39.00 | 42.00 | 81.00 | NOTE | |
| r-oldrel-windows-x86_64 | 1.1.1 | 178.00 | 104.00 | 282.00 | OK | 
Version: 1.1.1
Check: installed package size
Result: NOTE
    installed size is 14.9Mb
    sub-directories of 1Mb or more:
      libs  14.8Mb
Flavors: r-oldrel-macos-arm64, r-oldrel-macos-x86_64