CRAN Package Check Results for Package tempdisagg

Last updated on 2025-04-29 18:50:57 CEST.

Flavor Version Tinstall Tcheck Ttotal Status Flags
r-devel-linux-x86_64-debian-clang 1.1.1 2.93 59.30 62.23 NOTE
r-devel-linux-x86_64-debian-gcc 1.1.1 1.95 44.70 46.65 NOTE
r-devel-linux-x86_64-fedora-clang 1.1.1 91.29 OK
r-devel-linux-x86_64-fedora-gcc 1.1.1 103.22 OK
r-devel-windows-x86_64 1.1.1 4.00 84.00 88.00 OK
r-patched-linux-x86_64 1.1.1 2.86 55.46 58.32 OK
r-release-linux-x86_64 1.1.1 2.79 54.94 57.73 OK
r-release-macos-arm64 1.1.1 41.00 OK
r-release-macos-x86_64 1.1.1 68.00 OK
r-release-windows-x86_64 1.1.1 5.00 87.00 92.00 OK
r-oldrel-macos-arm64 1.1.1 34.00 OK
r-oldrel-macos-x86_64 1.1.1 54.00 OK
r-oldrel-windows-x86_64 1.1.1 4.00 93.00 97.00 OK

Check Details

Version: 1.1.1
Check: CRAN incoming feasibility
Result: NOTE Maintainer: ‘Christoph Sax <christoph.sax@gmail.com>’ The BugReports field in DESCRIPTION has https://github.com/christophsax/tempdisagg which should likely be https://github.com/christophsax/tempdisagg/issues instead. Flavors: r-devel-linux-x86_64-debian-clang, r-devel-linux-x86_64-debian-gcc