Last updated on 2025-04-29 18:50:57 CEST.
Flavor | Version | Tinstall | Tcheck | Ttotal | Status | Flags |
---|---|---|---|---|---|---|
r-devel-linux-x86_64-debian-clang | 0.5.1 | 12.27 | 131.22 | 143.49 | NOTE | |
r-devel-linux-x86_64-debian-gcc | 0.5.1 | 7.07 | 89.51 | 96.58 | NOTE | |
r-devel-linux-x86_64-fedora-clang | 0.5.2 | 236.00 | NOTE | |||
r-devel-linux-x86_64-fedora-gcc | 0.5.2 | 240.42 | NOTE | |||
r-devel-windows-x86_64 | 0.5.2 | 14.00 | 154.00 | 168.00 | OK | |
r-patched-linux-x86_64 | 0.5.1 | 11.28 | 121.17 | 132.45 | NOTE | |
r-release-linux-x86_64 | 0.5.1 | 11.14 | 120.02 | 131.16 | NOTE | |
r-release-macos-arm64 | 0.5.2 | 67.00 | OK | |||
r-release-macos-x86_64 | 0.5.2 | 213.00 | OK | |||
r-release-windows-x86_64 | 0.5.1 | 16.00 | 158.00 | 174.00 | NOTE | |
r-oldrel-macos-arm64 | 0.5.2 | 70.00 | OK | |||
r-oldrel-macos-x86_64 | 0.5.2 | 154.00 | OK | |||
r-oldrel-windows-x86_64 | 0.5.1 | 17.00 | 191.00 | 208.00 | OK |
Version: 0.5.1
Check: DESCRIPTION meta-information
Result: NOTE
Missing dependency on R >= 4.1.0 because package code uses the pipe
|> or function shorthand \(...) syntax added in R 4.1.0.
File(s) using such syntax:
‘class_methods.R’ ‘convert.R’ ‘freq.R’ ‘lilypond.R’ ‘lp_render.R’
‘midi.R’ ‘modes.R’ ‘notes.R’ ‘plot.R’ ‘read_midi.Rd’
‘render_chordchart.Rd’ ‘scales.R’ ‘sf.R’ ‘snippet.R’ ‘strings.R’
‘transpose.R’
Flavors: r-devel-linux-x86_64-debian-clang, r-devel-linux-x86_64-debian-gcc, r-patched-linux-x86_64, r-release-linux-x86_64, r-release-windows-x86_64
Version: 0.5.2
Check: for non-standard things in the check directory
Result: NOTE
Found the following files/directories:
‘lilypond-tmp-midi-5b475c’ ‘lilypond-tmp-midi-8e81af’
Flavor: r-devel-linux-x86_64-fedora-clang
Version: 0.5.2
Check: for non-standard things in the check directory
Result: NOTE
Found the following files/directories:
‘lilypond-tmp-midi-0f319d’ ‘lilypond-tmp-midi-4b61b5’
Flavor: r-devel-linux-x86_64-fedora-gcc