CRAN Package Check Results for Package taber

Last updated on 2025-04-29 06:49:57 CEST.

Flavor Version Tinstall Tcheck Ttotal Status Flags
r-devel-linux-x86_64-debian-clang 0.1.2 3.40 31.50 34.90 OK
r-devel-linux-x86_64-debian-gcc 0.1.2 2.98 23.66 26.64 OK
r-devel-linux-x86_64-fedora-clang 0.1.2 55.93 OK
r-devel-linux-x86_64-fedora-gcc 0.1.2 51.55 OK
r-devel-windows-x86_64 0.1.2 6.00 50.00 56.00 OK
r-patched-linux-x86_64 0.1.2 3.34 29.74 33.08 OK
r-release-linux-x86_64 0.1.2 3.27 29.55 32.82 OK
r-release-macos-arm64 0.1.2 21.00 OK
r-release-macos-x86_64 0.1.2 36.00 OK
r-release-windows-x86_64 0.1.2 5.00 52.00 57.00 OK
r-oldrel-macos-arm64 0.1.2 20.00 NOTE
r-oldrel-macos-x86_64 0.1.2 31.00 NOTE
r-oldrel-windows-x86_64 0.1.2 6.00 56.00 62.00 NOTE

Check Details

Version: 0.1.2
Check: LazyData
Result: NOTE 'LazyData' is specified without a 'data' directory Flavors: r-oldrel-macos-arm64, r-oldrel-macos-x86_64, r-oldrel-windows-x86_64