Last updated on 2025-04-29 06:49:57 CEST.
Flavor | Version | Tinstall | Tcheck | Ttotal | Status | Flags |
---|---|---|---|---|---|---|
r-devel-linux-x86_64-debian-clang | 3.4.3 | 2.46 | 20.74 | 23.20 | OK | |
r-devel-linux-x86_64-debian-gcc | 3.4.3 | 1.99 | 18.04 | 20.03 | OK | |
r-devel-linux-x86_64-fedora-clang | 3.4.3 | 37.31 | OK | |||
r-devel-linux-x86_64-fedora-gcc | 3.4.3 | 35.51 | OK | |||
r-devel-windows-x86_64 | 3.4.3 | 7.00 | 54.00 | 61.00 | OK | |
r-patched-linux-x86_64 | 3.4.3 | 2.40 | 20.39 | 22.79 | OK | |
r-release-linux-x86_64 | 3.4.3 | 2.14 | 20.97 | 23.11 | OK | |
r-release-macos-arm64 | 3.4.3 | 27.00 | OK | |||
r-release-macos-x86_64 | 3.4.3 | 40.00 | OK | |||
r-release-windows-x86_64 | 3.4.3 | 8.00 | 62.00 | 70.00 | OK | |
r-oldrel-macos-arm64 | 3.4.3 | 31.00 | OK | |||
r-oldrel-macos-x86_64 | 3.4.3 | 59.00 | OK | |||
r-oldrel-windows-x86_64 | 3.4.3 | 9.00 | 56.00 | 65.00 | NOTE |
Version: 3.4.3
Check: package dependencies
Result: NOTE
Package suggested but not available for checking: 'unix'
Flavor: r-oldrel-windows-x86_64