CRAN Package Check Results for Package svDialogstcltk

Last updated on 2025-04-29 06:49:57 CEST.

Flavor Version Tinstall Tcheck Ttotal Status Flags
r-devel-linux-x86_64-debian-clang 1.0.0 2.24 26.88 29.12 NOTE
r-devel-linux-x86_64-debian-gcc 1.0.0 1.85 22.52 24.37 NOTE
r-devel-linux-x86_64-fedora-clang 1.0.0 48.04 NOTE
r-devel-linux-x86_64-fedora-gcc 1.0.0 60.79 NOTE
r-devel-windows-x86_64 1.0.0 4.00 52.00 56.00 NOTE
r-patched-linux-x86_64 1.0.0 2.39 26.35 28.74 NOTE
r-release-linux-x86_64 1.0.0 1.92 26.59 28.51 NOTE
r-release-macos-arm64 1.0.0 41.00 NOTE
r-release-macos-x86_64 1.0.0 53.00 NOTE
r-release-windows-x86_64 1.0.0 3.00 54.00 57.00 NOTE
r-oldrel-macos-arm64 1.0.0 30.00 NOTE
r-oldrel-macos-x86_64 1.0.0 42.00 NOTE
r-oldrel-windows-x86_64 1.0.0 4.00 56.00 60.00 NOTE

Check Details

Version: 1.0.0
Check: Rd files
Result: NOTE checkRd: (-1) dlg_dir.Rd:5: Lost braces; missing escapes or markup? 5 | \title{A Tcl/Tk version of the {svDialogs} directory selection dialog box} | ^ checkRd: (-1) dlg_input.Rd:5: Lost braces; missing escapes or markup? 5 | \title{A Tcl/Tk version of the {svDialogs} input a string or value dialog box} | ^ checkRd: (-1) dlg_list.Rd:5: Lost braces; missing escapes or markup? 5 | \title{A Tcl/Tk version of the {svDialogs} list selection dialog box} | ^ checkRd: (-1) dlg_list.Rd:36: Lost braces; missing escapes or markup? 36 | A Tcl/Tk version of the {svDialogs} list selection dialog box | ^ checkRd: (-1) dlg_message.Rd:5: Lost braces; missing escapes or markup? 5 | \title{A Tcl/Tk version of the {svDialogs} message box} | ^ checkRd: (-1) dlg_message.Rd:28: Lost braces; missing escapes or markup? 28 | A Tcl/Tk version of the {svDialogs} message box | ^ checkRd: (-1) dlg_open.Rd:5: Lost braces; missing escapes or markup? 5 | \title{A Tcl/Tk version of the {svDialogs} file open dialog box} | ^ checkRd: (-1) dlg_open.Rd:37: Lost braces; missing escapes or markup? 37 | A Tcl/Tk version of the {svDialogs} file open dialog box | ^ checkRd: (-1) dlg_save.Rd:5: Lost braces; missing escapes or markup? 5 | \title{A Tcl/Tk version of the {svDialogs} file save dialog box} | ^ checkRd: (-1) dlg_save.Rd:34: Lost braces; missing escapes or markup? 34 | A Tcl/Tk version of the {svDialogs} file save dialog box | ^ checkRd: (-1) svDialogstcltk-package.Rd:12: Lost braces; missing escapes or markup? 12 | Implementation of Tcl/Tk dialog boxes for {svDialogs}. When the package is | ^ Flavors: r-devel-linux-x86_64-debian-clang, r-devel-linux-x86_64-debian-gcc, r-devel-linux-x86_64-fedora-clang, r-devel-linux-x86_64-fedora-gcc, r-devel-windows-x86_64, r-patched-linux-x86_64, r-release-linux-x86_64, r-release-macos-arm64, r-release-macos-x86_64, r-release-windows-x86_64, r-oldrel-macos-arm64, r-oldrel-macos-x86_64, r-oldrel-windows-x86_64

Version: 1.0.0
Check: Rd cross-references
Result: NOTE Found the following Rd file(s) with Rd \link{} targets missing package anchors: svDialogstcltk-package.Rd: dlg_message, dlg_input, dlg_list, dlg_open, dlg_save, dlg_dir Please provide package anchors for all Rd \link{} targets not in the package itself and the base packages. Flavors: r-devel-linux-x86_64-debian-clang, r-devel-linux-x86_64-debian-gcc, r-devel-windows-x86_64, r-patched-linux-x86_64, r-release-linux-x86_64, r-release-windows-x86_64

Version: 1.0.0
Check: CRAN incoming feasibility
Result: NOTE Maintainer: ‘Philippe Grosjean <phgrosjean@sciviews.org>’ Package CITATION file contains call(s) to old-style personList() or as.personList(). Please use c() on person objects instead. Package CITATION file contains call(s) to old-style citEntry(). Please use bibentry() instead. Flavor: r-devel-linux-x86_64-debian-gcc