CRAN Package Check Results for Package susieR

Last updated on 2025-05-02 06:49:48 CEST.

Flavor Version Tinstall Tcheck Ttotal Status Flags
r-devel-linux-x86_64-debian-clang 0.12.35 13.44 261.15 274.59 NOTE
r-devel-linux-x86_64-debian-gcc 0.12.35 10.17 193.79 203.96 OK
r-devel-linux-x86_64-fedora-clang 0.12.35 439.04 OK
r-devel-linux-x86_64-fedora-gcc 0.12.35 454.94 OK
r-devel-windows-x86_64 0.12.35 16.00 336.00 352.00 OK
r-patched-linux-x86_64 0.12.35 14.54 265.39 279.93 OK
r-release-linux-x86_64 OK
r-release-macos-arm64 0.12.35 170.00 OK
r-release-macos-x86_64 0.12.35 303.00 OK
r-release-windows-x86_64 0.12.35 16.00 354.00 370.00 OK
r-oldrel-macos-arm64 0.12.35 151.00 OK
r-oldrel-macos-x86_64 0.12.35 227.00 OK
r-oldrel-windows-x86_64 0.12.35 20.00 400.00 420.00 OK

Check Details

Version: 0.12.35
Check: examples
Result: NOTE Examples with CPU (user + system) or elapsed time > 5s user system elapsed kriging_rss 4.107 0.086 5.084 Flavor: r-devel-linux-x86_64-debian-clang