Last updated on 2025-04-29 18:50:56 CEST.
Flavor | Version | Tinstall | Tcheck | Ttotal | Status | Flags |
---|---|---|---|---|---|---|
r-devel-linux-x86_64-debian-clang | 1.0.1 | 8.86 | 137.46 | 146.32 | NOTE | |
r-devel-linux-x86_64-debian-gcc | 1.0.1 | 6.81 | 117.74 | 124.55 | NOTE | |
r-devel-linux-x86_64-fedora-clang | 1.0.1 | 214.20 | OK | |||
r-devel-linux-x86_64-fedora-gcc | 1.0.1 | 231.81 | OK | |||
r-devel-windows-x86_64 | 1.0.1 | 16.00 | 169.00 | 185.00 | OK | |
r-patched-linux-x86_64 | 1.0.1 | 8.53 | 119.15 | 127.68 | OK | |
r-release-linux-x86_64 | 1.0.1 | 8.49 | 132.19 | 140.68 | OK | |
r-release-macos-arm64 | 1.0.1 | 117.00 | OK | |||
r-release-macos-x86_64 | 1.0.1 | 172.00 | OK | |||
r-release-windows-x86_64 | 1.0.1 | 17.00 | 166.00 | 183.00 | OK | |
r-oldrel-macos-arm64 | 1.0.1 | 105.00 | OK | |||
r-oldrel-macos-x86_64 | 1.0.1 | 172.00 | OK | |||
r-oldrel-windows-x86_64 | 1.0.1 | 15.00 | 179.00 | 194.00 | OK |
Version: 1.0.1
Check: examples
Result: NOTE
Examples with CPU (user + system) or elapsed time > 5s
user system elapsed
build_proposal 7.358 0.195 12.493
srbeta_optimize 5.176 0.000 7.041
Flavor: r-devel-linux-x86_64-debian-clang
Version: 1.0.1
Check: examples
Result: NOTE
Examples with CPU (user + system) or elapsed time > 5s
user system elapsed
srbeta_optimize 7.909 0.092 10.391
build_proposal 5.914 0.106 8.324
Flavor: r-devel-linux-x86_64-debian-gcc