CRAN Package Check Results for Package stocc

Last updated on 2025-04-30 18:51:45 CEST.

Flavor Version Tinstall Tcheck Ttotal Status Flags
r-devel-linux-x86_64-debian-clang 1.31 9.72 73.02 82.74 NOTE
r-devel-linux-x86_64-debian-gcc 1.31 6.15 53.82 59.97 NOTE
r-devel-linux-x86_64-fedora-clang 1.31 130.73 OK
r-devel-linux-x86_64-fedora-gcc 1.31 122.07 OK
r-devel-windows-x86_64 1.31 9.00 86.00 95.00 OK
r-patched-linux-x86_64 1.31 8.43 69.80 78.23 OK
r-release-linux-x86_64 1.31 7.88 69.44 77.32 OK
r-release-macos-arm64 1.31 42.00 OK
r-release-macos-x86_64 1.31 76.00 OK
r-release-windows-x86_64 1.31 9.00 83.00 92.00 OK
r-oldrel-macos-arm64 1.31 38.00 OK
r-oldrel-macos-x86_64 1.31 57.00 OK
r-oldrel-windows-x86_64 1.31 11.00 98.00 109.00 OK

Check Details

Version: 1.31
Check: CRAN incoming feasibility
Result: NOTE Maintainer: ‘Devin S. Johnson <devin.johnson@noaa.gov>’ No Authors@R field in DESCRIPTION. Please add one, modifying Authors@R: person(given = c("Devin", "S."), family = "Johnson", role = c("aut", "cre"), email = "devin.johnson@noaa.gov") as necessary. Flavors: r-devel-linux-x86_64-debian-clang, r-devel-linux-x86_64-debian-gcc