CRAN Package Check Results for Package stepdownfdp

Last updated on 2025-04-29 18:50:56 CEST.

Flavor Version Tinstall Tcheck Ttotal Status Flags
r-devel-linux-x86_64-debian-clang 1.0.0 1.94 18.32 20.26 NOTE
r-devel-linux-x86_64-debian-gcc 1.0.0 1.49 15.02 16.51 NOTE
r-devel-linux-x86_64-fedora-clang 1.0.0 29.83 OK
r-devel-linux-x86_64-fedora-gcc 1.0.0 28.89 OK
r-devel-windows-x86_64 1.0.0 2.00 38.00 40.00 OK
r-patched-linux-x86_64 1.0.0 1.86 16.55 18.41 OK
r-release-linux-x86_64 1.0.0 1.85 16.70 18.55 OK
r-release-macos-arm64 1.0.0 17.00 OK
r-release-macos-x86_64 1.0.0 24.00 OK
r-release-windows-x86_64 1.0.0 2.00 41.00 43.00 OK
r-oldrel-macos-arm64 1.0.0 13.00 OK
r-oldrel-macos-x86_64 1.0.0 19.00 OK
r-oldrel-windows-x86_64 1.0.0 4.00 37.00 41.00 OK

Check Details

Version: 1.0.0
Check: CRAN incoming feasibility
Result: NOTE Maintainer: ‘Arya Ebadi <aeba3842@uni.sydney.edu.au>’ The Description field contains (2020) <arXiv:2011.11939>. Such setups include target-decoy competition Please refer to arXiv e-prints via their arXiv DOI <doi:10.48550/arXiv.YYMM.NNNNN>. Flavors: r-devel-linux-x86_64-debian-clang, r-devel-linux-x86_64-debian-gcc