Last updated on 2025-04-29 18:50:56 CEST.
Flavor | Version | Tinstall | Tcheck | Ttotal | Status | Flags |
---|---|---|---|---|---|---|
r-devel-linux-x86_64-debian-clang | 0.0-10 | 152.17 | 83.75 | 235.92 | OK | |
r-devel-linux-x86_64-debian-gcc | 0.0-10 | 121.58 | 59.56 | 181.14 | OK | |
r-devel-linux-x86_64-fedora-clang | 0.0-10 | 378.41 | OK | |||
r-devel-linux-x86_64-fedora-gcc | 0.0-10 | 396.19 | OK | |||
r-devel-windows-x86_64 | 0.0-10 | 185.00 | 120.00 | 305.00 | OK | |
r-patched-linux-x86_64 | 0.0-10 | 159.35 | 80.70 | 240.05 | OK | |
r-release-linux-x86_64 | 0.0-10 | 161.64 | 80.15 | 241.79 | OK | |
r-release-macos-arm64 | 0.0-10 | 125.00 | OK | |||
r-release-macos-x86_64 | 0.0-10 | 289.00 | OK | |||
r-release-windows-x86_64 | 0.0-10 | 181.00 | 120.00 | 301.00 | OK | |
r-oldrel-macos-arm64 | 0.0-10 | 68.00 | NOTE | |||
r-oldrel-macos-x86_64 | 0.0-10 | 119.00 | NOTE | |||
r-oldrel-windows-x86_64 | 0.0-10 | 198.00 | 156.00 | 354.00 | OK |
Version: 0.0-10
Check: installed package size
Result: NOTE
installed size is 49.9Mb
sub-directories of 1Mb or more:
libs 49.6Mb
Flavors: r-oldrel-macos-arm64, r-oldrel-macos-x86_64