Last updated on 2025-04-28 18:50:23 CEST.
Flavor | Version | Tinstall | Tcheck | Ttotal | Status | Flags |
---|---|---|---|---|---|---|
r-devel-linux-x86_64-debian-clang | 0.2.0 | 6.44 | 58.10 | 64.54 | OK | |
r-devel-linux-x86_64-debian-gcc | 0.2.0 | 4.39 | 43.42 | 47.81 | NOTE | |
r-devel-linux-x86_64-fedora-clang | 0.2.0 | 110.81 | OK | |||
r-devel-linux-x86_64-fedora-gcc | 0.2.0 | 96.67 | OK | |||
r-devel-windows-x86_64 | 0.2.0 | 7.00 | 69.00 | 76.00 | OK | |
r-patched-linux-x86_64 | 0.2.0 | 7.06 | 55.46 | 62.52 | OK | |
r-release-linux-x86_64 | 0.2.0 | 7.02 | 56.75 | 63.77 | OK | |
r-release-macos-arm64 | 0.2.0 | 36.00 | OK | |||
r-release-macos-x86_64 | 0.2.0 | 63.00 | OK | |||
r-release-windows-x86_64 | 0.2.0 | 9.00 | 69.00 | 78.00 | OK | |
r-oldrel-macos-arm64 | 0.2.0 | 30.00 | OK | |||
r-oldrel-macos-x86_64 | 0.2.0 | 46.00 | OK | |||
r-oldrel-windows-x86_64 | 0.2.0 | 10.00 | 81.00 | 91.00 | OK |
Version: 0.2.0
Check: CRAN incoming feasibility
Result: NOTE
Maintainer: ‘Luis Benites <lbenitesanchez@gmail.com>’
No Authors@R field in DESCRIPTION.
Please add one, modifying
Authors@R: c(person(given = "Rocio",
family = "Maehara",
role = "aut"),
person(given = "Luis",
family = "Benites",
role = c("aut", "cre"),
email = "lbenitesanchez@gmail.com"))
as necessary.
Flavor: r-devel-linux-x86_64-debian-gcc