Last updated on 2025-04-29 18:50:56 CEST.
Flavor | Version | Tinstall | Tcheck | Ttotal | Status | Flags |
---|---|---|---|---|---|---|
r-devel-linux-x86_64-debian-clang | 1.1.7 | 719.25 | 138.38 | 857.63 | OK | |
r-devel-linux-x86_64-debian-gcc | 1.1.7 | 691.40 | 146.99 | 838.39 | OK | |
r-devel-linux-x86_64-fedora-clang | 1.1.7 | 1276.77 | OK | |||
r-devel-linux-x86_64-fedora-gcc | 1.1.7 | 1887.49 | OK | |||
r-devel-windows-x86_64 | 1.1.7 | 785.00 | 214.00 | 999.00 | OK | |
r-patched-linux-x86_64 | 1.1.7 | 860.88 | 199.88 | 1060.76 | OK | |
r-release-linux-x86_64 | 1.1.7 | 867.30 | 202.26 | 1069.56 | OK | |
r-release-macos-arm64 | 1.1.7 | 354.00 | OK | |||
r-release-macos-x86_64 | 1.1.7 | 404.00 | OK | |||
r-release-windows-x86_64 | 1.1.7 | 765.00 | 221.00 | 986.00 | OK | |
r-oldrel-macos-arm64 | 1.1.7 | 325.00 | NOTE | |||
r-oldrel-macos-x86_64 | 1.1.7 | 546.00 | NOTE | |||
r-oldrel-windows-x86_64 | 1.1.7 | 862.00 | 274.00 | 1136.00 | NOTE |
Version: 1.1.7
Check: installed package size
Result: NOTE
installed size is 125.3Mb
sub-directories of 1Mb or more:
libs 124.8Mb
Flavors: r-oldrel-macos-arm64, r-oldrel-macos-x86_64, r-oldrel-windows-x86_64
Version: 1.1.7
Check: for GNU extensions in Makefiles
Result: NOTE
GNU make is a SystemRequirements.
Flavors: r-oldrel-macos-arm64, r-oldrel-macos-x86_64, r-oldrel-windows-x86_64