Last updated on 2025-04-29 06:49:56 CEST.
Flavor | Version | Tinstall | Tcheck | Ttotal | Status | Flags |
---|---|---|---|---|---|---|
r-devel-linux-x86_64-debian-clang | 1.1.7 | 10.73 | 123.33 | 134.06 | OK | |
r-devel-linux-x86_64-debian-gcc | 1.1.7 | 7.52 | 84.43 | 91.95 | NOTE | |
r-devel-linux-x86_64-fedora-clang | 1.1.7 | 224.15 | OK | |||
r-devel-linux-x86_64-fedora-gcc | 1.1.7 | 199.45 | OK | |||
r-devel-windows-x86_64 | 1.1.7 | 12.00 | 117.00 | 129.00 | OK | |
r-patched-linux-x86_64 | 1.1.7 | 10.35 | 117.42 | 127.77 | OK | |
r-release-linux-x86_64 | 1.1.7 | 9.32 | 118.24 | 127.56 | OK | |
r-release-macos-arm64 | 1.1.7 | 53.00 | OK | |||
r-release-macos-x86_64 | 1.1.7 | 113.00 | OK | |||
r-release-windows-x86_64 | 1.1.7 | 12.00 | 121.00 | 133.00 | OK | |
r-oldrel-macos-arm64 | 1.1.7 | 60.00 | OK | |||
r-oldrel-macos-x86_64 | 1.1.7 | 190.00 | OK | |||
r-oldrel-windows-x86_64 | 1.1.7 | 15.00 | 163.00 | 178.00 | OK |
Version: 1.1.7
Check: examples
Result: NOTE
Examples with CPU (user + system) or elapsed time > 5s
user system elapsed
eval_squant 6.829 0.110 9.540
plot.eval_squant 5.815 0.210 6.181
squant 5.977 0.001 6.640
plot.squant 5.760 0.068 5.961
Flavor: r-devel-linux-x86_64-debian-gcc