Last updated on 2025-04-29 18:50:56 CEST.
Flavor | Version | Tinstall | Tcheck | Ttotal | Status | Flags |
---|---|---|---|---|---|---|
r-devel-linux-x86_64-debian-clang | 1.1.6 | 5.32 | 31.74 | 37.06 | NOTE | |
r-devel-linux-x86_64-debian-gcc | 1.1.6 | 3.60 | 23.84 | 27.44 | NOTE | |
r-devel-linux-x86_64-fedora-clang | 1.1.6 | 57.10 | OK | |||
r-devel-linux-x86_64-fedora-gcc | 1.1.6 | 54.84 | OK | |||
r-devel-windows-x86_64 | 1.1.6 | 8.00 | 55.00 | 63.00 | OK | |
r-patched-linux-x86_64 | 1.1.6 | 5.04 | 30.40 | 35.44 | OK | |
r-release-linux-x86_64 | 1.1.6 | 4.77 | 30.19 | 34.96 | OK | |
r-release-macos-arm64 | 1.1.6 | 22.00 | OK | |||
r-release-macos-x86_64 | 1.1.6 | 37.00 | OK | |||
r-release-windows-x86_64 | 1.1.6 | 9.00 | 56.00 | 65.00 | OK | |
r-oldrel-macos-arm64 | 1.1.6 | 20.00 | OK | |||
r-oldrel-macos-x86_64 | 1.1.6 | 30.00 | OK | |||
r-oldrel-windows-x86_64 | 1.1.6 | 10.00 | 60.00 | 70.00 | OK |
Version: 1.1.6
Check: CRAN incoming feasibility
Result: NOTE
Maintainer: ‘Udaya B. Kogalur <ubk@kogalur.com>’
No Authors@R field in DESCRIPTION.
Please add one, modifying
Authors@R: c(person(given = "Hemant",
family = "Ishwaran",
role = "aut",
email = "hemant.ishwaran@gmail.com"),
person(given = c("Udaya", "B."),
family = "Kogalur",
role = "cre",
email = "ubk@kogalur.com"))
as necessary.
Package CITATION file contains call(s) to old-style personList() or
as.personList(). Please use c() on person objects instead.
Package CITATION file contains call(s) to old-style citEntry(). Please
use bibentry() instead.
Flavors: r-devel-linux-x86_64-debian-clang, r-devel-linux-x86_64-debian-gcc
Version: 1.1.6
Check: examples
Result: NOTE
Examples with CPU (user + system) or elapsed time > 5s
user system elapsed
spikeslab 3.546 0.017 5.133
Flavor: r-devel-linux-x86_64-debian-clang