Last updated on 2025-04-29 18:50:56 CEST.
Flavor | Version | Tinstall | Tcheck | Ttotal | Status | Flags |
---|---|---|---|---|---|---|
r-devel-linux-x86_64-debian-clang | 0.9.1 | 2.39 | 26.04 | 28.43 | NOTE | |
r-devel-linux-x86_64-debian-gcc | 0.9.1 | 1.68 | 19.94 | 21.62 | NOTE | |
r-devel-linux-x86_64-fedora-clang | 0.9.1 | 47.88 | OK | |||
r-devel-linux-x86_64-fedora-gcc | 0.9.1 | 43.75 | OK | |||
r-devel-windows-x86_64 | 0.9.1 | 3.00 | 46.00 | 49.00 | OK | |
r-patched-linux-x86_64 | 0.9.1 | 2.30 | 25.02 | 27.32 | OK | |
r-release-linux-x86_64 | 0.9.1 | 2.44 | 25.62 | 28.06 | OK | |
r-release-macos-arm64 | 0.9.1 | 18.00 | OK | |||
r-release-macos-x86_64 | 0.9.1 | 31.00 | OK | |||
r-release-windows-x86_64 | 0.9.1 | 3.00 | 49.00 | 52.00 | OK | |
r-oldrel-macos-arm64 | 0.9.1 | 18.00 | OK | |||
r-oldrel-macos-x86_64 | 0.9.1 | 29.00 | OK | |||
r-oldrel-windows-x86_64 | 0.9.1 | 6.00 | 51.00 | 57.00 | OK |
Version: 0.9.1
Check: CRAN incoming feasibility
Result: NOTE
Maintainer: ‘Zhengjia Wang <dipterix.wang@gmail.com>’
Package has help file(s) containing later-stage \Sexpr{} expressions
but no 'build/stage23.rdb' file.
Package CITATION file contains call(s) to old-style personList() or
as.personList(). Please use c() on person objects instead.
Package CITATION file contains call(s) to old-style citEntry(). Please
use bibentry() instead.
The Description field contains
proposed by Wang et al. (2020) <arXiv:2006.10163>, to simultaneously
Please refer to arXiv e-prints via their arXiv DOI <doi:10.48550/arXiv.YYMM.NNNNN>.
Flavors: r-devel-linux-x86_64-debian-clang, r-devel-linux-x86_64-debian-gcc