CRAN Package Check Results for Package spectacles

Last updated on 2025-05-09 18:50:27 CEST.

Flavor Version Tinstall Tcheck Ttotal Status Flags
r-devel-linux-x86_64-debian-clang 0.5-4 16.83 221.79 238.62 NOTE
r-devel-linux-x86_64-debian-gcc 0.5-4 13.44 157.41 170.85 NOTE
r-devel-linux-x86_64-fedora-clang 0.5-4 362.28 NOTE
r-devel-linux-x86_64-fedora-gcc 0.5-4 371.65 NOTE
r-devel-windows-x86_64 0.5-4 19.00 226.00 245.00 NOTE
r-patched-linux-x86_64 0.5-4 16.46 207.30 223.76 NOTE
r-release-linux-x86_64 0.5-4 18.19 207.77 225.96 NOTE
r-release-macos-arm64 0.5-4 112.00 NOTE
r-release-macos-x86_64 0.5-4 240.00 NOTE
r-release-windows-x86_64 0.5-4 20.00 232.00 252.00 NOTE
r-oldrel-macos-arm64 0.5-4 112.00 NOTE
r-oldrel-macos-x86_64 0.5-4 180.00 NOTE
r-oldrel-windows-x86_64 0.5-4 27.00 286.00 313.00 NOTE

Check Details

Version: 0.5-4
Check: Rd files
Result: NOTE checkRd: (-1) australia.Rd:15: Lost braces in \itemize; meant \describe ? checkRd: (-1) australia.Rd:16: Lost braces in \itemize; meant \describe ? checkRd: (-1) australia.Rd:17: Lost braces in \itemize; meant \describe ? checkRd: (-1) australia.Rd:18: Lost braces in \itemize; meant \describe ? checkRd: (-1) australia.Rd:19: Lost braces in \itemize; meant \describe ? Flavors: r-devel-linux-x86_64-debian-clang, r-devel-linux-x86_64-debian-gcc, r-devel-linux-x86_64-fedora-clang, r-devel-linux-x86_64-fedora-gcc, r-devel-windows-x86_64, r-patched-linux-x86_64, r-release-linux-x86_64, r-release-macos-arm64, r-release-macos-x86_64, r-release-windows-x86_64, r-oldrel-macos-arm64, r-oldrel-macos-x86_64, r-oldrel-windows-x86_64

Version: 0.5-4
Check: Rd cross-references
Result: NOTE Found the following Rd file(s) with Rd \link{} targets missing package anchors: continuum_removal.Rd: baseline Please provide package anchors for all Rd \link{} targets not in the package itself and the base packages. Flavors: r-devel-linux-x86_64-debian-clang, r-devel-linux-x86_64-debian-gcc, r-devel-windows-x86_64, r-patched-linux-x86_64, r-release-linux-x86_64, r-release-windows-x86_64