Last updated on 2025-11-03 17:50:04 CET.
| Flavor | Version | Tinstall | Tcheck | Ttotal | Status | Flags |
|---|---|---|---|---|---|---|
| r-devel-linux-x86_64-debian-clang | 3.1-0 | 9.87 | 90.54 | 100.41 | OK | |
| r-devel-linux-x86_64-debian-gcc | 3.1-0 | 7.62 | 78.47 | 86.09 | OK | |
| r-devel-linux-x86_64-fedora-clang | 3.1-0 | 23.00 | 135.38 | 158.38 | OK | |
| r-devel-linux-x86_64-fedora-gcc | 3.1-0 | 26.00 | 126.04 | 152.04 | OK | |
| r-devel-windows-x86_64 | 3.1-0 | 9.00 | 89.00 | 98.00 | OK | |
| r-patched-linux-x86_64 | 3.1-0 | 6.86 | 85.00 | 91.86 | OK | |
| r-release-linux-x86_64 | 3.1-0 | 9.18 | 84.59 | 93.77 | OK | |
| r-release-macos-arm64 | 3.1-0 | 5.00 | 52.00 | 57.00 | OK | |
| r-release-macos-x86_64 | 3.1-0 | 9.00 | 95.00 | 104.00 | OK | |
| r-release-windows-x86_64 | 3.1-0 | 11.00 | 89.00 | 100.00 | OK | |
| r-oldrel-macos-arm64 | 3.1-0 | 5.00 | 54.00 | 59.00 | NOTE | |
| r-oldrel-macos-x86_64 | 3.1-0 | 9.00 | 84.00 | 93.00 | NOTE | |
| r-oldrel-windows-x86_64 | 3.1-0 | 13.00 | 114.00 | 127.00 | NOTE |
Version: 3.1-0
Check: package dependencies
Result: NOTE
Depends: includes the non-default packages:
'spatstat.data', 'spatstat.univar', 'spatstat.geom',
'spatstat.random', 'spatstat.explore', 'spatstat.model',
'spatstat.linnet', 'spatstat', 'rpanel', 'tcltk'
Adding so many packages to the search path is excessive and importing
selectively is preferable.
Flavors: r-oldrel-macos-arm64, r-oldrel-macos-x86_64, r-oldrel-windows-x86_64