Last updated on 2025-04-29 18:50:56 CEST.
Flavor | Version | Tinstall | Tcheck | Ttotal | Status | Flags |
---|---|---|---|---|---|---|
r-devel-linux-x86_64-debian-clang | 0.2.4 | 7.61 | 67.93 | 75.54 | NOTE | |
r-devel-linux-x86_64-debian-gcc | 0.2.4 | 5.20 | 45.01 | 50.21 | OK | |
r-devel-linux-x86_64-fedora-clang | 0.2.4 | 123.73 | OK | |||
r-devel-linux-x86_64-fedora-gcc | 0.2.4 | 115.16 | OK | |||
r-devel-windows-x86_64 | 0.2.4 | 9.00 | 91.00 | 100.00 | OK | |
r-patched-linux-x86_64 | 0.2.4 | 7.29 | 60.05 | 67.34 | OK | |
r-release-linux-x86_64 | 0.2.4 | 7.65 | 59.83 | 67.48 | OK | |
r-release-macos-arm64 | 0.2.4 | 36.00 | OK | |||
r-release-macos-x86_64 | 0.2.4 | 67.00 | OK | |||
r-release-windows-x86_64 | 0.2.4 | 8.00 | 87.00 | 95.00 | OK | |
r-oldrel-macos-arm64 | 0.2.4 | 34.00 | OK | |||
r-oldrel-macos-x86_64 | 0.2.4 | 57.00 | OK | |||
r-oldrel-windows-x86_64 | 0.2.4 | 11.00 | 99.00 | 110.00 | OK |
Version: 0.2.4
Check: examples
Result: NOTE
Examples with CPU (user + system) or elapsed time > 5s
user system elapsed
BJSM_c 4.608 0.118 5.992
trialDataMF 4.646 0.055 5.637
Flavor: r-devel-linux-x86_64-debian-clang