Last updated on 2025-11-04 05:51:26 CET.
| Flavor | Version | Tinstall | Tcheck | Ttotal | Status | Flags | 
|---|---|---|---|---|---|---|
| r-devel-linux-x86_64-debian-clang | 1.0.1 | 2.33 | 29.39 | 31.72 | OK | |
| r-devel-linux-x86_64-debian-gcc | 1.0.1 | 1.82 | 24.37 | 26.19 | OK | |
| r-devel-linux-x86_64-fedora-clang | 1.0.1 | 46.93 | OK | |||
| r-devel-linux-x86_64-fedora-gcc | 1.0.1 | 43.98 | OK | |||
| r-devel-windows-x86_64 | 1.0.1 | 4.00 | 45.00 | 49.00 | OK | |
| r-patched-linux-x86_64 | 1.0.1 | 1.63 | 27.19 | 28.82 | OK | |
| r-release-linux-x86_64 | 1.0.1 | 1.96 | 26.64 | 28.60 | OK | |
| r-release-macos-arm64 | 1.0.1 | 2.00 | 30.00 | 32.00 | OK | |
| r-release-macos-x86_64 | 1.0.1 | 2.00 | 28.00 | 30.00 | OK | |
| r-release-windows-x86_64 | 1.0.1 | 5.00 | 45.00 | 50.00 | OK | |
| r-oldrel-macos-arm64 | 1.0.1 | 1.00 | 19.00 | 20.00 | NOTE | |
| r-oldrel-macos-x86_64 | 1.0.1 | 2.00 | 25.00 | 27.00 | NOTE | |
| r-oldrel-windows-x86_64 | 1.0.1 | 5.00 | 56.00 | 61.00 | NOTE | 
Version: 1.0.1
Check: LazyData
Result: NOTE
    'LazyData' is specified without a 'data' directory
Flavors: r-oldrel-macos-arm64, r-oldrel-macos-x86_64, r-oldrel-windows-x86_64