Last updated on 2025-10-31 05:48:54 CET.
| Flavor | Version | Tinstall | Tcheck | Ttotal | Status | Flags | 
|---|---|---|---|---|---|---|
| r-devel-linux-x86_64-debian-clang | 1.0.1 | 2.20 | 27.22 | 29.42 | NOTE | |
| r-devel-linux-x86_64-debian-gcc | 1.0.1 | 1.61 | 21.64 | 23.25 | NOTE | |
| r-devel-linux-x86_64-fedora-clang | 1.0.1 | 41.01 | OK | |||
| r-devel-linux-x86_64-fedora-gcc | 1.0.1 | 39.27 | OK | |||
| r-devel-windows-x86_64 | 1.0.1 | 3.00 | 47.00 | 50.00 | OK | |
| r-patched-linux-x86_64 | 1.0.1 | 2.24 | 24.44 | 26.68 | OK | |
| r-release-linux-x86_64 | 1.0.1 | 2.20 | 24.42 | 26.62 | OK | |
| r-release-macos-arm64 | 1.0.1 | 1.00 | 18.00 | 19.00 | OK | |
| r-release-macos-x86_64 | 1.0.1 | 2.00 | 26.00 | 28.00 | OK | |
| r-release-windows-x86_64 | 1.0.1 | 5.00 | 52.00 | 57.00 | OK | |
| r-oldrel-macos-arm64 | 1.0.1 | 1.00 | 15.00 | 16.00 | OK | |
| r-oldrel-macos-x86_64 | 1.0.1 | 2.00 | 21.00 | 23.00 | OK | |
| r-oldrel-windows-x86_64 | 1.0.1 | 4.00 | 55.00 | 59.00 | OK | 
Version: 1.0.1
Check: CRAN incoming feasibility
Result: NOTE
  Maintainer: ‘Gabor Csardi <csardi.gabor@gmail.com>’
  
  No Authors@R field in DESCRIPTION.
  Please add one, modifying
    Authors@R: person(given = "Gabor",
                      family = "Csardi",
                      role = c("aut", "cre"),
                      email = "csardi.gabor@gmail.com")
  as necessary.
Flavors: r-devel-linux-x86_64-debian-clang, r-devel-linux-x86_64-debian-gcc