Last updated on 2025-04-29 18:50:55 CEST.
Flavor | Version | Tinstall | Tcheck | Ttotal | Status | Flags |
---|---|---|---|---|---|---|
r-devel-linux-x86_64-debian-clang | 1.0.0 | 74.11 | 90.59 | 164.70 | OK | |
r-devel-linux-x86_64-debian-gcc | 1.0.0 | 53.85 | 64.46 | 118.31 | OK | |
r-devel-linux-x86_64-fedora-clang | 1.0.0 | 278.48 | OK | |||
r-devel-linux-x86_64-fedora-gcc | 1.0.0 | 268.32 | OK | |||
r-devel-windows-x86_64 | 1.0.0 | 92.00 | 129.00 | 221.00 | OK | |
r-patched-linux-x86_64 | 1.0.0 | 79.10 | 81.89 | 160.99 | OK | |
r-release-linux-x86_64 | 1.0.0 | 74.93 | 81.56 | 156.49 | OK | |
r-release-macos-arm64 | 1.0.0 | 63.00 | OK | |||
r-release-macos-x86_64 | 1.0.0 | 112.00 | OK | |||
r-release-windows-x86_64 | 1.0.0 | 93.00 | 137.00 | 230.00 | OK | |
r-oldrel-macos-arm64 | 1.0.0 | 62.00 | NOTE | |||
r-oldrel-macos-x86_64 | 1.0.0 | 103.00 | NOTE | |||
r-oldrel-windows-x86_64 | 1.0.0 | 105.00 | 165.00 | 270.00 | NOTE |
Version: 1.0.0
Check: installed package size
Result: NOTE
installed size is 18.9Mb
sub-directories of 1Mb or more:
extdata 13.0Mb
libs 5.2Mb
Flavors: r-oldrel-macos-arm64, r-oldrel-macos-x86_64, r-oldrel-windows-x86_64