Last updated on 2025-04-29 18:50:55 CEST.
Flavor | Version | Tinstall | Tcheck | Ttotal | Status | Flags |
---|---|---|---|---|---|---|
r-devel-linux-x86_64-debian-clang | 2.0.1 | 13.48 | 104.33 | 117.81 | NOTE | |
r-devel-linux-x86_64-debian-gcc | 2.0.1 | 8.50 | 67.24 | 75.74 | NOTE | |
r-devel-linux-x86_64-fedora-clang | 2.0.1 | 181.65 | OK | |||
r-devel-linux-x86_64-fedora-gcc | 2.0.1 | 170.19 | OK | |||
r-devel-windows-x86_64 | 2.0.1 | 12.00 | 161.00 | 173.00 | NOTE | |
r-patched-linux-x86_64 | 2.0.1 | 15.37 | 98.03 | 113.40 | NOTE | |
r-release-linux-x86_64 | 2.0.1 | 11.35 | 99.99 | 111.34 | NOTE | |
r-release-macos-arm64 | 2.0.1 | 87.00 | OK | |||
r-release-macos-x86_64 | 2.0.1 | 135.00 | OK | |||
r-release-windows-x86_64 | 2.0.1 | 12.00 | 171.00 | 183.00 | NOTE | |
r-oldrel-macos-arm64 | 2.0.1 | 86.00 | OK | |||
r-oldrel-macos-x86_64 | 2.0.1 | 119.00 | OK | |||
r-oldrel-windows-x86_64 | 2.0.1 | 14.00 | 187.00 | 201.00 | OK |
Version: 2.0.1
Check: Rd cross-references
Result: NOTE
Found the following Rd file(s) with Rd \link{} targets missing package
anchors:
msq.Rd: rstream
simEd-package.Rd: rstream
ssq.Rd: rstream
ssqvis.Rd: rstream
vbeta.Rd: rstream, rstream.sample
vbinom.Rd: rstream, rstream.sample
vcauchy.Rd: rstream, rstream.sample
vchisq.Rd: rstream, rstream.sample
vexp.Rd: rstream, rstream.sample
vfd.Rd: rstream, rstream.sample
vgamma.Rd: rstream, rstream.sample
vgeom.Rd: rstream, rstream.sample
vlnorm.Rd: rstream, rstream.sample
vlogis.Rd: rstream, rstream.sample
vnbinom.Rd: rstream, rstream.sample
vnorm.Rd: rstream, rstream.sample
vpois.Rd: rstream, rstream.sample
vt.Rd: rstream, rstream.sample
vunif.Rd: rstream, rstream.sample
vweibull.Rd: rstream, rstream.sample
Please provide package anchors for all Rd \link{} targets not in the
package itself and the base packages.
Flavors: r-devel-linux-x86_64-debian-clang, r-devel-linux-x86_64-debian-gcc, r-devel-windows-x86_64, r-patched-linux-x86_64, r-release-linux-x86_64, r-release-windows-x86_64
Version: 2.0.1
Check: examples
Result: NOTE
Examples with CPU (user + system) or elapsed time > 5s
user system elapsed
thinning 6.785 0.000 7.779
accrej 3.010 0.011 5.736
ssqvis 2.121 0.005 5.264
Flavor: r-devel-linux-x86_64-debian-clang
Version: 2.0.1
Check: examples
Result: NOTE
Examples with CPU (user + system) or elapsed time > 5s
user system elapsed
thinning 4.015 0.007 5.249
Flavor: r-devel-linux-x86_64-debian-gcc