CRAN Package Check Results for Package signs

Last updated on 2025-11-12 05:50:01 CET.

Flavor Version Tinstall Tcheck Ttotal Status Flags
r-devel-linux-x86_64-debian-clang 0.1.2 3.58 48.35 51.93 OK
r-devel-linux-x86_64-debian-gcc 0.1.2 2.14 36.53 38.67 OK
r-devel-linux-x86_64-fedora-clang 0.1.2 80.36 OK
r-devel-linux-x86_64-fedora-gcc 0.1.2 18.00 78.85 96.85 OK
r-devel-windows-x86_64 0.1.2 4.00 62.00 66.00 OK
r-patched-linux-x86_64 0.1.2 3.14 46.97 50.11 OK
r-release-linux-x86_64 0.1.2 3.37 46.41 49.78 OK
r-release-macos-arm64 0.1.2 2.00 39.00 41.00 OK
r-release-macos-x86_64 0.1.2 2.00 50.00 52.00 OK
r-release-windows-x86_64 0.1.2 4.00 62.00 66.00 OK
r-oldrel-macos-arm64 0.1.2 1.00 27.00 28.00 NOTE
r-oldrel-macos-x86_64 0.1.2 2.00 42.00 44.00 NOTE
r-oldrel-windows-x86_64 0.1.2 6.00 76.00 82.00 NOTE

Check Details

Version: 0.1.2
Check: LazyData
Result: NOTE 'LazyData' is specified without a 'data' directory Flavors: r-oldrel-macos-arm64, r-oldrel-macos-x86_64, r-oldrel-windows-x86_64