CRAN Package Check Results for Package serial

Last updated on 2025-11-03 17:50:03 CET.

Flavor Version Tinstall Tcheck Ttotal Status Flags
r-devel-linux-x86_64-debian-clang 3.0 3.14 28.22 31.36 NOTE
r-devel-linux-x86_64-debian-gcc 3.0 3.46 30.43 33.89 NOTE
r-devel-linux-x86_64-fedora-clang 3.0 46.76 OK
r-devel-linux-x86_64-fedora-gcc 3.0 44.68 OK
r-devel-windows-x86_64 3.0 5.00 37.00 42.00 OK
r-patched-linux-x86_64 3.0 2.54 21.00 23.54 OK
r-release-linux-x86_64 3.0 2.16 21.24 23.40 OK
r-release-macos-arm64 3.0 2.00 17.00 19.00 OK
r-release-macos-x86_64 3.0 2.00 26.00 28.00 OK
r-release-windows-x86_64 3.0 3.00 36.00 39.00 OK
r-oldrel-macos-arm64 3.0 2.00 16.00 18.00 OK
r-oldrel-macos-x86_64 3.0 2.00 22.00 24.00 OK
r-oldrel-windows-x86_64 3.0 3.00 39.00 42.00 OK

Check Details

Version: 3.0
Check: CRAN incoming feasibility
Result: NOTE Maintainer: ‘Martin Seilmayer <m.seilmayer@hzdr.de>’ No Authors@R field in DESCRIPTION. Please add one, modifying Authors@R: person(given = "Martin", family = "Seilmayer", role = c("aut", "cre"), email = "m.seilmayer@hzdr.de") as necessary. Flavors: r-devel-linux-x86_64-debian-clang, r-devel-linux-x86_64-debian-gcc