Last updated on 2025-04-29 06:49:55 CEST.
Flavor | Version | Tinstall | Tcheck | Ttotal | Status | Flags |
---|---|---|---|---|---|---|
r-devel-linux-x86_64-debian-clang | 2.9.0 | 8.75 | 70.81 | 79.56 | OK | |
r-devel-linux-x86_64-debian-gcc | 2.9.0 | 6.98 | 51.27 | 58.25 | NOTE | |
r-devel-linux-x86_64-fedora-clang | 2.9.0 | 116.61 | OK | |||
r-devel-linux-x86_64-fedora-gcc | 2.9.0 | 106.86 | OK | |||
r-devel-windows-x86_64 | 2.9.0 | 10.00 | 94.00 | 104.00 | OK | |
r-patched-linux-x86_64 | 2.9.0 | 9.14 | 61.99 | 71.13 | OK | |
r-release-linux-x86_64 | 2.9.0 | 8.53 | 62.56 | 71.09 | OK | |
r-release-macos-arm64 | 2.9.0 | 38.00 | OK | |||
r-release-macos-x86_64 | 2.9.0 | 63.00 | OK | |||
r-release-windows-x86_64 | 2.9.0 | 11.00 | 93.00 | 104.00 | OK | |
r-oldrel-macos-arm64 | 2.9.0 | 35.00 | OK | |||
r-oldrel-macos-x86_64 | 2.9.0 | 52.00 | OK | |||
r-oldrel-windows-x86_64 | 2.9.0 | 13.00 | 110.00 | 123.00 | OK |
Version: 2.9.0
Check: CRAN incoming feasibility
Result: NOTE
Maintainer: ‘Tyler Rinker <tyler.rinker@gmail.com>’
Package CITATION file contains call(s) to old-style citEntry(). Please
use bibentry() instead.
Flavor: r-devel-linux-x86_64-debian-gcc
Version: 2.9.0
Check: examples
Result: NOTE
Examples with CPU (user + system) or elapsed time > 5s
user system elapsed
extract_sentiment_terms 4.937 0.278 5.771
Flavor: r-devel-linux-x86_64-debian-gcc