CRAN Package Check Results for Package sdprisk

Last updated on 2025-04-29 18:50:55 CEST.

Flavor Version Tinstall Tcheck Ttotal Status Flags
r-devel-linux-x86_64-debian-clang 1.1-6 4.23 28.30 32.53 NOTE
r-devel-linux-x86_64-debian-gcc 1.1-6 3.12 21.92 25.04 NOTE
r-devel-linux-x86_64-fedora-clang 1.1-6 50.15 OK
r-devel-linux-x86_64-fedora-gcc 1.1-6 47.79 OK
r-devel-windows-x86_64 1.1-6 6.00 49.00 55.00 OK
r-patched-linux-x86_64 1.1-6 3.98 26.73 30.71 OK
r-release-linux-x86_64 1.1-6 3.57 26.84 30.41 OK
r-release-macos-arm64 1.1-6 19.00 OK
r-release-macos-x86_64 1.1-6 36.00 OK
r-release-windows-x86_64 1.1-6 6.00 52.00 58.00 OK
r-oldrel-macos-arm64 1.1-6 20.00 OK
r-oldrel-macos-x86_64 1.1-6 31.00 OK
r-oldrel-windows-x86_64 1.1-6 6.00 51.00 57.00 OK

Check Details

Version: 1.1-6
Check: CRAN incoming feasibility
Result: NOTE Maintainer: ‘Benjamin Baumgartner <benjamin@baumgrt.com>’ Package CITATION file contains call(s) to old-style personList() or as.personList(). Please use c() on person objects instead. Package CITATION file contains call(s) to old-style citEntry(). Please use bibentry() instead. Flavors: r-devel-linux-x86_64-debian-clang, r-devel-linux-x86_64-debian-gcc