CRAN Package Check Results for Package schtools

Last updated on 2025-04-29 18:50:54 CEST.

Flavor Version Tinstall Tcheck Ttotal Status Flags
r-devel-linux-x86_64-debian-clang 0.4.1 4.27 63.74 68.01 NOTE
r-devel-linux-x86_64-debian-gcc 0.4.1 2.75 47.22 49.97 NOTE
r-devel-linux-x86_64-fedora-clang 0.4.1 103.60 OK
r-devel-linux-x86_64-fedora-gcc 0.4.1 110.23 OK
r-devel-windows-x86_64 0.4.1 8.00 82.00 90.00 OK
r-patched-linux-x86_64 0.4.1 4.81 59.24 64.05 OK
r-release-linux-x86_64 0.4.1 3.71 58.15 61.86 OK
r-release-macos-arm64 0.4.1 43.00 OK
r-release-macos-x86_64 0.4.1 83.00 OK
r-release-windows-x86_64 0.4.1 9.00 84.00 93.00 OK
r-oldrel-macos-arm64 0.4.1 46.00 OK
r-oldrel-macos-x86_64 0.4.1 64.00 OK
r-oldrel-windows-x86_64 0.4.1 9.00 96.00 105.00 OK

Check Details

Version: 0.4.1
Check: examples
Result: NOTE Examples with CPU (user + system) or elapsed time > 5s user system elapsed theme_lucas 5.048 0.141 6.891 Flavor: r-devel-linux-x86_64-debian-clang

Version: 0.4.1
Check: examples
Result: NOTE Examples with CPU (user + system) or elapsed time > 5s user system elapsed theme_lucas 3.24 0.092 5.37 Flavor: r-devel-linux-x86_64-debian-gcc