Last updated on 2025-11-12 05:50:00 CET.
| Flavor | Version | Tinstall | Tcheck | Ttotal | Status | Flags |
|---|---|---|---|---|---|---|
| r-devel-linux-x86_64-debian-clang | 1.2.4 | 6.77 | 209.51 | 216.28 | NOTE | |
| r-devel-linux-x86_64-debian-gcc | 1.2.4 | 4.91 | 143.39 | 148.30 | NOTE | |
| r-devel-linux-x86_64-fedora-clang | 1.2.4 | 14.00 | 316.66 | 330.66 | OK | |
| r-devel-linux-x86_64-fedora-gcc | 1.2.4 | 13.00 | 329.38 | 342.38 | OK | |
| r-devel-windows-x86_64 | 1.2.4 | 13.00 | 188.00 | 201.00 | OK | |
| r-patched-linux-x86_64 | 1.2.4 | 7.19 | 203.50 | 210.69 | OK | |
| r-release-linux-x86_64 | 1.2.4 | 6.46 | 202.81 | 209.27 | OK | |
| r-release-macos-arm64 | 1.2.4 | 3.00 | 80.00 | 83.00 | OK | |
| r-release-macos-x86_64 | 1.2.4 | 6.00 | 174.00 | 180.00 | OK | |
| r-release-windows-x86_64 | 1.2.4 | 10.00 | 185.00 | 195.00 | OK | |
| r-oldrel-macos-arm64 | 1.2.4 | 3.00 | 83.00 | 86.00 | OK | |
| r-oldrel-macos-x86_64 | 1.2.4 | 5.00 | 130.00 | 135.00 | OK | |
| r-oldrel-windows-x86_64 | 1.2.4 | 14.00 | 247.00 | 261.00 | OK |
Version: 1.2.4
Check: CRAN incoming feasibility
Result: NOTE
Maintainer: ‘Arnaud Wolfer <adwolfer@gmail.com>’
The BugReports field in DESCRIPTION has
https://github.com/adwolfer/santaR/issues/new
which should likely be
https://github.com/adwolfer/santaR/issues/new/issues
instead.
Flavors: r-devel-linux-x86_64-debian-clang, r-devel-linux-x86_64-debian-gcc