Last updated on 2025-04-29 18:50:54 CEST.
Flavor | Version | Tinstall | Tcheck | Ttotal | Status | Flags |
---|---|---|---|---|---|---|
r-devel-linux-x86_64-debian-clang | 3.0 | 9.03 | 78.70 | 87.73 | NOTE | |
r-devel-linux-x86_64-debian-gcc | 3.0 | 6.27 | 57.24 | 63.51 | NOTE | |
r-devel-linux-x86_64-fedora-clang | 3.0 | 152.56 | NOTE | |||
r-devel-linux-x86_64-fedora-gcc | 3.0 | 136.21 | NOTE | |||
r-devel-windows-x86_64 | 3.0 | 12.00 | 98.00 | 110.00 | NOTE | |
r-patched-linux-x86_64 | 3.0 | 8.81 | 76.13 | 84.94 | NOTE | |
r-release-linux-x86_64 | 3.0 | 8.19 | 75.68 | 83.87 | NOTE | |
r-release-macos-arm64 | 3.0 | 42.00 | NOTE | |||
r-release-macos-x86_64 | 3.0 | 82.00 | NOTE | |||
r-release-windows-x86_64 | 3.0 | 14.00 | 101.00 | 115.00 | NOTE | |
r-oldrel-macos-arm64 | 3.0 | 35.00 | NOTE | |||
r-oldrel-macos-x86_64 | 3.0 | 63.00 | NOTE | |||
r-oldrel-windows-x86_64 | 3.0 | 16.00 | 116.00 | 132.00 | NOTE |
Version: 3.0
Check: CRAN incoming feasibility
Result: NOTE
Maintainer: ‘Rob Tibshirani <tibs@stanford.edu>’
No Authors@R field in DESCRIPTION.
Please add one, modifying
Authors@R: c(person(given = "R.",
family = "Tibshirani",
role = "aut"),
person(given = c("Michael", "J."),
family = "Seo",
role = "aut"),
person(given = "G.",
family = "Chu",
role = "aut"),
person(given = "Balasubramanian",
family = "Narasimhan",
role = "aut"),
person(given = "Jun",
family = "Li",
role = "aut"),
person(given = "Rob",
family = "Tibshirani",
role = "cre",
email = "tibs@stanford.edu"))
as necessary.
Flavors: r-devel-linux-x86_64-debian-clang, r-devel-linux-x86_64-debian-gcc
Version: 3.0
Check: Rd files
Result: NOTE
checkRd: (-1) SAM.Rd:67: Escaped LaTeX specials: \$
checkRd: (-1) samr.Rd:59: Escaped LaTeX specials: \$
checkRd: (-1) samr.Rd:84: Escaped LaTeX specials: \# \$
checkRd: (-1) samr.Rd:88: Escaped LaTeX specials: \$
checkRd: (-1) samr.Rd:92: Escaped LaTeX specials: \$
checkRd: (-1) samr.Rd:97: Escaped LaTeX specials: \#
checkRd: (-1) samr.assess.samplesize.plot.Rd:12: Escaped LaTeX specials: \#
Flavors: r-devel-linux-x86_64-debian-clang, r-devel-linux-x86_64-debian-gcc, r-devel-linux-x86_64-fedora-clang, r-devel-linux-x86_64-fedora-gcc, r-devel-windows-x86_64, r-patched-linux-x86_64, r-release-linux-x86_64, r-release-macos-arm64, r-release-macos-x86_64, r-release-windows-x86_64, r-oldrel-macos-arm64, r-oldrel-macos-x86_64, r-oldrel-windows-x86_64
Version: 3.0
Check: examples
Result: NOTE
Examples with CPU (user + system) or elapsed time > 5s
user system elapsed
SAMseq 8.556 0.162 10.861
samr 5.522 0.040 6.748
SAM 4.586 0.130 5.647
Flavor: r-devel-linux-x86_64-debian-clang
Version: 3.0
Check: examples
Result: NOTE
Examples with CPU (user + system) or elapsed time > 5s
user system elapsed
SAMseq 7.072 0.127 8.357
Flavor: r-devel-linux-x86_64-debian-gcc