Last updated on 2025-04-30 06:51:29 CEST.
Flavor | Version | Tinstall | Tcheck | Ttotal | Status | Flags |
---|---|---|---|---|---|---|
r-devel-linux-x86_64-debian-clang | 0.1.6 | 111.09 | 100.94 | 212.03 | OK | |
r-devel-linux-x86_64-debian-gcc | 0.1.6 | 94.35 | 76.63 | 170.98 | OK | |
r-devel-linux-x86_64-fedora-clang | 0.1.6 | 355.25 | OK | |||
r-devel-linux-x86_64-fedora-gcc | 0.1.6 | 420.32 | OK | |||
r-devel-windows-x86_64 | 0.1.6 | 134.00 | 152.00 | 286.00 | OK | |
r-patched-linux-x86_64 | 0.1.6 | 134.18 | 96.08 | 230.26 | OK | |
r-release-linux-x86_64 | 0.1.6 | 125.04 | 95.37 | 220.41 | OK | |
r-release-macos-arm64 | 0.1.6 | 126.00 | OK | |||
r-release-macos-x86_64 | 0.1.6 | 190.00 | OK | |||
r-release-windows-x86_64 | 0.1.6 | 134.00 | 161.00 | 295.00 | OK | |
r-oldrel-macos-arm64 | 0.1.6 | 128.00 | NOTE | |||
r-oldrel-macos-x86_64 | 0.1.6 | 129.00 | NOTE | |||
r-oldrel-windows-x86_64 | 0.1.6 | 145.00 | 177.00 | 322.00 | OK |
Version: 0.1.6
Check: installed package size
Result: NOTE
installed size is 13.5Mb
sub-directories of 1Mb or more:
libs 12.4Mb
Flavors: r-oldrel-macos-arm64, r-oldrel-macos-x86_64