Last updated on 2025-04-28 18:50:20 CEST.
Flavor | Version | Tinstall | Tcheck | Ttotal | Status | Flags |
---|---|---|---|---|---|---|
r-devel-linux-x86_64-debian-clang | 1.9.0 | 3.20 | 181.72 | 184.92 | OK | |
r-devel-linux-x86_64-debian-gcc | 1.9.0 | 2.35 | 108.17 | 110.52 | NOTE | |
r-devel-linux-x86_64-fedora-clang | 1.9.0 | 311.96 | NOTE | |||
r-devel-linux-x86_64-fedora-gcc | 1.9.0 | 310.45 | NOTE | |||
r-devel-windows-x86_64 | 1.9.0 | 4.00 | 173.00 | 177.00 | OK | |
r-patched-linux-x86_64 | 1.9.0 | 3.85 | 171.47 | 175.32 | OK | |
r-release-linux-x86_64 | 1.9.0 | 3.26 | 170.96 | 174.22 | OK | |
r-release-macos-arm64 | 1.9.0 | 87.00 | OK | |||
r-release-macos-x86_64 | 1.9.0 | 162.00 | OK | |||
r-release-windows-x86_64 | 1.9.0 | 4.00 | 172.00 | 176.00 | OK | |
r-oldrel-macos-arm64 | 1.9.0 | 70.00 | OK | |||
r-oldrel-macos-x86_64 | 1.9.0 | 142.00 | OK | |||
r-oldrel-windows-x86_64 | 1.9.0 | 6.00 | 235.00 | 241.00 | OK |
Version: 1.9.0
Check: CRAN incoming feasibility
Result: NOTE
Maintainer: ‘Bastiaan Quast <bquast@gmail.com>’
The Description field contains
<arXiv:1412.3555>) and vanilla RNN.
Please refer to arXiv e-prints via their arXiv DOI <doi:10.48550/arXiv.YYMM.NNNNN>.
Flavor: r-devel-linux-x86_64-debian-gcc
Version: 1.9.0
Check: dependencies in R code
Result: NOTE
Namespace in Imports field not imported from: ‘attention’
All declared Imports should be used.
Flavors: r-devel-linux-x86_64-fedora-clang, r-devel-linux-x86_64-fedora-gcc